{"id":18087,"date":"2023-11-10T11:24:41","date_gmt":"2023-11-10T10:24:41","guid":{"rendered":"https:\/\/www.mariafelix.org\/en-magnificat\/"},"modified":"2023-11-14T21:38:28","modified_gmt":"2023-11-14T20:38:28","slug":"en-magnificat","status":"publish","type":"page","link":"https:\/\/www.mariafelix.org\/pt-br\/en-magnificat\/","title":{"rendered":"EN MAGNIFICAT"},"content":{"rendered":"<p>[et_pb_section fb_built=&#8221;1&#8243; fullwidth=&#8221;on&#8221; _builder_version=&#8221;4.22.2&#8243; _module_preset=&#8221;2ce0b7bd-dbb5-4adc-bc83-1100f73502ab&#8221; da_disable_devices=&#8221;off|off|off&#8221; global_colors_info=&#8221;{}&#8221; da_is_popup=&#8221;off&#8221; da_exit_intent=&#8221;off&#8221; da_has_close=&#8221;on&#8221; da_alt_close=&#8221;off&#8221; da_dark_close=&#8221;off&#8221; da_not_modal=&#8221;on&#8221; da_is_singular=&#8221;off&#8221; da_with_loader=&#8221;off&#8221; da_has_shadow=&#8221;on&#8221;][et_pb_fullwidth_slider _builder_version=&#8221;4.22.2&#8243; _module_preset=&#8221;73a036a0-ff08-446d-8d39-deefa33488d4&#8243; global_colors_info=&#8221;{}&#8221;][et_pb_slide _builder_version=&#8221;4.22.2&#8243; _module_preset=&#8221;default&#8221; background_image=&#8221;https:\/\/www.mariafelix.org\/wp-content\/uploads\/2023\/11\/image-1.png&#8221; background_enable_image=&#8221;on&#8221; global_colors_info=&#8221;{}&#8221; sticky_transition=&#8221;on&#8221;][\/et_pb_slide][et_pb_slide _builder_version=&#8221;4.22.2&#8243; _module_preset=&#8221;default&#8221; background_image=&#8221;https:\/\/www.mariafelix.org\/wp-content\/uploads\/2023\/11\/image.jpeg&#8221; background_enable_image=&#8221;on&#8221; global_colors_info=&#8221;{}&#8221; sticky_transition=&#8221;on&#8221;][\/et_pb_slide][et_pb_slide _builder_version=&#8221;4.22.2&#8243; _module_preset=&#8221;default&#8221; background_image=&#8221;https:\/\/www.mariafelix.org\/wp-content\/uploads\/2023\/11\/image-1.jpeg&#8221; background_enable_image=&#8221;on&#8221; global_colors_info=&#8221;{}&#8221; sticky_transition=&#8221;on&#8221;][\/et_pb_slide][et_pb_slide _builder_version=&#8221;4.22.2&#8243; _module_preset=&#8221;default&#8221; background_image=&#8221;https:\/\/www.mariafelix.org\/wp-content\/uploads\/2023\/11\/image-2.jpeg&#8221; background_enable_image=&#8221;on&#8221; global_colors_info=&#8221;{}&#8221; sticky_transition=&#8221;on&#8221;][\/et_pb_slide][\/et_pb_fullwidth_slider][\/et_pb_section][et_pb_section fb_built=&#8221;1&#8243; _builder_version=&#8221;4.22.2&#8243; _module_preset=&#8221;c3571faf-1673-4b9f-bf46-f8250e9a3f6a&#8221; da_disable_devices=&#8221;off|off|off&#8221; global_colors_info=&#8221;{}&#8221; da_is_popup=&#8221;off&#8221; da_exit_intent=&#8221;off&#8221; da_has_close=&#8221;on&#8221; da_alt_close=&#8221;off&#8221; da_dark_close=&#8221;off&#8221; da_not_modal=&#8221;on&#8221; da_is_singular=&#8221;off&#8221; da_with_loader=&#8221;off&#8221; da_has_shadow=&#8221;on&#8221;][et_pb_row column_structure=&#8221;1_4,3_4&#8243; _builder_version=&#8221;4.22.2&#8243; _module_preset=&#8221;0b5ba106-5785-489f-ba7b-9fa41143096f&#8221; global_colors_info=&#8221;{}&#8221;][et_pb_column type=&#8221;1_4&#8243; _builder_version=&#8221;4.22.2&#8243; _module_preset=&#8221;824ebbaf-e3b5-4405-acb8-3b2fd9286d17&#8243; global_colors_info=&#8221;{}&#8221;][et_pb_text _builder_version=&#8221;4.23.1&#8243; _dynamic_attributes=&#8221;content&#8221; _module_preset=&#8221;ecb607dd-d36f-4b0d-a6f8-239bd01a7812&#8243; background_color=&#8221;#821b33&#8243; global_colors_info=&#8221;{}&#8221;]@ET-DC@eyJkeW5hbWljIjp0cnVlLCJjb250ZW50IjoicG9zdF90aXRsZSIsInNldHRpbmdzIjp7ImJlZm9yZSI6IiIsImFmdGVyIjoiIn19@[\/et_pb_text][\/et_pb_column][et_pb_column type=&#8221;3_4&#8243; _builder_version=&#8221;4.22.2&#8243; _module_preset=&#8221;fec2c85f-4b95-4256-bb6d-4b28d4ff7161&#8243; global_colors_info=&#8221;{}&#8221;][et_pb_text _builder_version=&#8221;4.23.1&#8243; _module_preset=&#8221;20504ce9-00fc-4f70-97e5-cb8f521d8155&#8243; hover_enabled=&#8221;0&#8243; global_colors_info=&#8221;{}&#8221; sticky_enabled=&#8221;0&#8243;]A seguir, \u201cUm caminho aberto por Santo In\u00e1cio no Evangelho\u201d.<\/p>\n<p>Este artigo sobre Madre F\u00e9lix como modelo de ora\u00e7\u00e3o foi publicado no <a href=\"https:\/\/es.magnificat.net\/\" target=\"_blank\" rel=\"noopener\">Magnificat<\/a> mensal de janeiro a Abril de 2022, na se\u00e7\u00e3o \u201cescola de grandes ora\u00e7\u00f5es\u201d.<\/p>\n<p>Clique na imagem e, uma vez aberta, clique novamente para ampli\u00e1-la.<\/p>\n<p>&nbsp;<\/p>\n<h1 style=\"text-align: center;\"><strong>Um caminho aberto por Santo In\u00e1cio no Evangelho<\/strong><\/h1>\n<p><span><div class=\"_df_book df-lite\" id=\"df_18019\"  _slug=\"un-camino-abierto-por-san-ignacio-en-el-evangelio\" data-title=\"un-camino-abierto-por-san-ignacio-en-el-evangelio\" wpoptions=\"true\" thumbtype=\"\" ><\/div><script class=\"df-shortcode-script\" nowprocket type=\"application\/javascript\">window.option_df_18019 = {\"outline\":[],\"backgroundColor\":\"#fff\",\"autoEnableOutline\":\"false\",\"autoEnableThumbnail\":\"false\",\"overwritePDFOutline\":\"false\",\"direction\":\"1\",\"pageSize\":\"0\",\"maxTextureSize\":\"1800\",\"source\":\"https:\\\/\\\/www.mariafelix.org\\\/wp-content\\\/uploads\\\/2023\\\/11\\\/Magnificat-Madre-Maria-Felix-Un-camino-abierto-por-San-Ignacio-en-el-Evangelio.pdf\",\"wpOptions\":\"true\"}; if(window.DFLIP && window.DFLIP.parseBooks){window.DFLIP.parseBooks();}<\/script><\/span>[\/et_pb_text][\/et_pb_column][\/et_pb_row][\/et_pb_section]<\/p>\n","protected":false},"excerpt":{"rendered":"<p>A seguir, \u201cUm caminho aberto por Santo In\u00e1cio no Evangelho\u201d. Este artigo sobre Madre F\u00e9lix como modelo de ora\u00e7\u00e3o foi publicado no Magnificat mensal de janeiro a Abril de 2022, na se\u00e7\u00e3o \u201cescola de grandes ora\u00e7\u00f5es\u201d. Clique na imagem e, uma vez aberta, clique novamente para ampli\u00e1-la. &nbsp; Um caminho aberto por Santo In\u00e1cio no [&hellip;]<\/p>\n","protected":false},"author":1,"featured_media":0,"parent":0,"menu_order":0,"comment_status":"closed","ping_status":"closed","template":"","meta":{"_et_pb_use_builder":"on","_et_pb_old_content":"","_et_gb_content_width":"","footnotes":""},"class_list":["post-18087","page","type-page","status-publish","hentry"],"yoast_head":"<!-- This site is optimized with the Yoast SEO plugin v26.8 - https:\/\/yoast.com\/product\/yoast-seo-wordpress\/ -->\n<title>EN MAGNIFICAT - Madre Mar\u00eda F\u00e9lix Torres<\/title>\n<meta name=\"robots\" content=\"index, follow, max-snippet:-1, max-image-preview:large, max-video-preview:-1\" \/>\n<link rel=\"canonical\" href=\"https:\/\/www.mariafelix.org\/pt-br\/en-magnificat\/\" \/>\n<meta property=\"og:locale\" content=\"pt_BR\" \/>\n<meta property=\"og:type\" content=\"article\" \/>\n<meta property=\"og:title\" content=\"EN MAGNIFICAT - Madre Mar\u00eda F\u00e9lix Torres\" \/>\n<meta property=\"og:description\" content=\"A seguir, \u201cUm caminho aberto por Santo In\u00e1cio no Evangelho\u201d. Este artigo sobre Madre F\u00e9lix como modelo de ora\u00e7\u00e3o foi publicado no Magnificat mensal de janeiro a Abril de 2022, na se\u00e7\u00e3o \u201cescola de grandes ora\u00e7\u00f5es\u201d. Clique na imagem e, uma vez aberta, clique novamente para ampli\u00e1-la. &nbsp; Um caminho aberto por Santo In\u00e1cio no [&hellip;]\" \/>\n<meta property=\"og:url\" content=\"https:\/\/www.mariafelix.org\/pt-br\/en-magnificat\/\" \/>\n<meta property=\"og:site_name\" content=\"Madre Mar\u00eda F\u00e9lix Torres\" \/>\n<meta property=\"article:modified_time\" content=\"2023-11-14T20:38:28+00:00\" \/>\n<meta name=\"twitter:card\" content=\"summary_large_image\" \/>\n<script type=\"application\/ld+json\" class=\"yoast-schema-graph\">{\"@context\":\"https:\/\/schema.org\",\"@graph\":[{\"@type\":\"WebPage\",\"@id\":\"https:\/\/www.mariafelix.org\/pt-br\/en-magnificat\/\",\"url\":\"https:\/\/www.mariafelix.org\/pt-br\/en-magnificat\/\",\"name\":\"EN MAGNIFICAT - Madre Mar\u00eda F\u00e9lix Torres\",\"isPartOf\":{\"@id\":\"https:\/\/www.mariafelix.org\/pt-br\/#website\"},\"datePublished\":\"2023-11-10T10:24:41+00:00\",\"dateModified\":\"2023-11-14T20:38:28+00:00\",\"inLanguage\":\"pt-BR\",\"potentialAction\":[{\"@type\":\"ReadAction\",\"target\":[\"https:\/\/www.mariafelix.org\/pt-br\/en-magnificat\/\"]}]},{\"@type\":\"WebSite\",\"@id\":\"https:\/\/www.mariafelix.org\/pt-br\/#website\",\"url\":\"https:\/\/www.mariafelix.org\/pt-br\/\",\"name\":\"Madre Mar\u00eda F\u00e9lix Torres\",\"description\":\"Madre Mar\u00eda F\u00e9lix Torres\",\"potentialAction\":[{\"@type\":\"SearchAction\",\"target\":{\"@type\":\"EntryPoint\",\"urlTemplate\":\"https:\/\/www.mariafelix.org\/pt-br\/?s={search_term_string}\"},\"query-input\":{\"@type\":\"PropertyValueSpecification\",\"valueRequired\":true,\"valueName\":\"search_term_string\"}}],\"inLanguage\":\"pt-BR\"}]}<\/script>\n<!-- \/ Yoast SEO plugin. -->","yoast_head_json":{"title":"EN MAGNIFICAT - Madre Mar\u00eda F\u00e9lix Torres","robots":{"index":"index","follow":"follow","max-snippet":"max-snippet:-1","max-image-preview":"max-image-preview:large","max-video-preview":"max-video-preview:-1"},"canonical":"https:\/\/www.mariafelix.org\/pt-br\/en-magnificat\/","og_locale":"pt_BR","og_type":"article","og_title":"EN MAGNIFICAT - Madre Mar\u00eda F\u00e9lix Torres","og_description":"A seguir, \u201cUm caminho aberto por Santo In\u00e1cio no Evangelho\u201d. Este artigo sobre Madre F\u00e9lix como modelo de ora\u00e7\u00e3o foi publicado no Magnificat mensal de janeiro a Abril de 2022, na se\u00e7\u00e3o \u201cescola de grandes ora\u00e7\u00f5es\u201d. Clique na imagem e, uma vez aberta, clique novamente para ampli\u00e1-la. &nbsp; Um caminho aberto por Santo In\u00e1cio no [&hellip;]","og_url":"https:\/\/www.mariafelix.org\/pt-br\/en-magnificat\/","og_site_name":"Madre Mar\u00eda F\u00e9lix Torres","article_modified_time":"2023-11-14T20:38:28+00:00","twitter_card":"summary_large_image","schema":{"@context":"https:\/\/schema.org","@graph":[{"@type":"WebPage","@id":"https:\/\/www.mariafelix.org\/pt-br\/en-magnificat\/","url":"https:\/\/www.mariafelix.org\/pt-br\/en-magnificat\/","name":"EN MAGNIFICAT - Madre Mar\u00eda F\u00e9lix Torres","isPartOf":{"@id":"https:\/\/www.mariafelix.org\/pt-br\/#website"},"datePublished":"2023-11-10T10:24:41+00:00","dateModified":"2023-11-14T20:38:28+00:00","inLanguage":"pt-BR","potentialAction":[{"@type":"ReadAction","target":["https:\/\/www.mariafelix.org\/pt-br\/en-magnificat\/"]}]},{"@type":"WebSite","@id":"https:\/\/www.mariafelix.org\/pt-br\/#website","url":"https:\/\/www.mariafelix.org\/pt-br\/","name":"Madre Mar\u00eda F\u00e9lix Torres","description":"Madre Mar\u00eda F\u00e9lix Torres","potentialAction":[{"@type":"SearchAction","target":{"@type":"EntryPoint","urlTemplate":"https:\/\/www.mariafelix.org\/pt-br\/?s={search_term_string}"},"query-input":{"@type":"PropertyValueSpecification","valueRequired":true,"valueName":"search_term_string"}}],"inLanguage":"pt-BR"}]}},"_links":{"self":[{"href":"https:\/\/www.mariafelix.org\/pt-br\/wp-json\/wp\/v2\/pages\/18087","targetHints":{"allow":["GET"]}}],"collection":[{"href":"https:\/\/www.mariafelix.org\/pt-br\/wp-json\/wp\/v2\/pages"}],"about":[{"href":"https:\/\/www.mariafelix.org\/pt-br\/wp-json\/wp\/v2\/types\/page"}],"author":[{"embeddable":true,"href":"https:\/\/www.mariafelix.org\/pt-br\/wp-json\/wp\/v2\/users\/1"}],"replies":[{"embeddable":true,"href":"https:\/\/www.mariafelix.org\/pt-br\/wp-json\/wp\/v2\/comments?post=18087"}],"version-history":[{"count":2,"href":"https:\/\/www.mariafelix.org\/pt-br\/wp-json\/wp\/v2\/pages\/18087\/revisions"}],"predecessor-version":[{"id":18664,"href":"https:\/\/www.mariafelix.org\/pt-br\/wp-json\/wp\/v2\/pages\/18087\/revisions\/18664"}],"wp:attachment":[{"href":"https:\/\/www.mariafelix.org\/pt-br\/wp-json\/wp\/v2\/media?parent=18087"}],"curies":[{"name":"wp","href":"https:\/\/api.w.org\/{rel}","templated":true}]}}

<p>[et_pb_section fb_built=&#8221;1&#8243; fullwidth=&#8221;on&#8221; _builder_version=&#8221;4.22.2&#8243; _module_preset=&#8221;2ce0b7bd-dbb5-4adc-bc83-1100f73502ab&#8221; da_disable_devices=&#8221;off|off|off&#8221; global_colors_info=&#8221;{}&#8221; da_is_popup=&#8221;off&#8221; da_exit_intent=&#8221;off&#8221; da_has_close=&#8221;on&#8221; da_alt_close=&#8221;off&#8221; da_dark_close=&#8221;off&#8221; da_not_modal=&#8221;on&#8221; da_is_singular=&#8221;off&#8221; da_with_loader=&#8221;off&#8221; da_has_shadow=&#8221;on&#8221;][et_pb_fullwidth_slider _builder_version=&#8221;4.22.2&#8243; _module_preset=&#8221;73a036a0-ff08-446d-8d39-deefa33488d4&#8243; global_colors_info=&#8221;{}&#8221;][et_pb_slide _builder_version=&#8221;4.22.2&#8243; _module_preset=&#8221;default&#8221; background_image=&#8221;https://www.mariafelix.org/wp-content/uploads/2023/11/image-1.png&#8221; background_enable_image=&#8221;on&#8221; global_colors_info=&#8221;{}&#8221; sticky_transition=&#8221;on&#8221;][/et_pb_slide][et_pb_slide _builder_version=&#8221;4.22.2&#8243; _module_preset=&#8221;default&#8221; background_image=&#8221;https://www.mariafelix.org/wp-content/uploads/2023/11/image.jpeg&#8221; background_enable_image=&#8221;on&#8221; global_colors_info=&#8221;{}&#8221; sticky_transition=&#8221;on&#8221;][/et_pb_slide][et_pb_slide _builder_version=&#8221;4.22.2&#8243; _module_preset=&#8221;default&#8221; background_image=&#8221;https://www.mariafelix.org/wp-content/uploads/2023/11/image-1.jpeg&#8221; background_enable_image=&#8221;on&#8221; global_colors_info=&#8221;{}&#8221; sticky_transition=&#8221;on&#8221;][/et_pb_slide][et_pb_slide _builder_version=&#8221;4.22.2&#8243; _module_preset=&#8221;default&#8221; background_image=&#8221;https://www.mariafelix.org/wp-content/uploads/2023/11/image-2.jpeg&#8221; background_enable_image=&#8221;on&#8221; global_colors_info=&#8221;{}&#8221; sticky_transition=&#8221;on&#8221;][/et_pb_slide][/et_pb_fullwidth_slider][/et_pb_section][et_pb_section fb_built=&#8221;1&#8243; _builder_version=&#8221;4.22.2&#8243; _module_preset=&#8221;c3571faf-1673-4b9f-bf46-f8250e9a3f6a&#8221; da_disable_devices=&#8221;off|off|off&#8221; global_colors_info=&#8221;{}&#8221; da_is_popup=&#8221;off&#8221; da_exit_intent=&#8221;off&#8221; da_has_close=&#8221;on&#8221; da_alt_close=&#8221;off&#8221; da_dark_close=&#8221;off&#8221; da_not_modal=&#8221;on&#8221; da_is_singular=&#8221;off&#8221; da_with_loader=&#8221;off&#8221; da_has_shadow=&#8221;on&#8221;][et_pb_row column_structure=&#8221;1_4,3_4&#8243; _builder_version=&#8221;4.22.2&#8243; _module_preset=&#8221;0b5ba106-5785-489f-ba7b-9fa41143096f&#8221; global_colors_info=&#8221;{}&#8221;][et_pb_column type=&#8221;1_4&#8243; _builder_version=&#8221;4.22.2&#8243; _module_preset=&#8221;824ebbaf-e3b5-4405-acb8-3b2fd9286d17&#8243; global_colors_info=&#8221;{}&#8221;][et_pb_text _builder_version=&#8221;4.23.1&#8243; _dynamic_attributes=&#8221;content&#8221; _module_preset=&#8221;ecb607dd-d36f-4b0d-a6f8-239bd01a7812&#8243; background_color=&#8221;#821b33&#8243; global_colors_info=&#8221;{}&#8221;]@ET-DC@eyJkeW5hbWljIjp0cnVlLCJjb250ZW50IjoicG9zdF90aXRsZSIsInNldHRpbmdzIjp7ImJlZm9yZSI6IiIsImFmdGVyIjoiIn19@[/et_pb_text][/et_pb_column][et_pb_column type=&#8221;3_4&#8243; _builder_version=&#8221;4.22.2&#8243; _module_preset=&#8221;fec2c85f-4b95-4256-bb6d-4b28d4ff7161&#8243; global_colors_info=&#8221;{}&#8221;][et_pb_text _builder_version=&#8221;4.23.1&#8243; _module_preset=&#8221;20504ce9-00fc-4f70-97e5-cb8f521d8155&#8243; hover_enabled=&#8221;0&#8243; global_colors_info=&#8221;{}&#8221; sticky_enabled=&#8221;0&#8243;]A seguir, “Um caminho aberto por Santo Inácio no Evangelho”.</p>
<p>Este artigo sobre Madre Félix como modelo de oração foi publicado no <a href="https://es.magnificat.net/" target="_blank" rel="noopener">Magnificat</a> mensal de janeiro a Abril de 2022, na seção “escola de grandes orações”.</p>
<p>Clique na imagem e, uma vez aberta, clique novamente para ampliá-la.</p>
<p>&nbsp;</p>
<h1 style="text-align: center;"><strong>Um caminho aberto por Santo Inácio no Evangelho</strong></h1>
<p><span><div class="_df_book df-lite" id="df_18019"  _slug="un-camino-abierto-por-san-ignacio-en-el-evangelio" data-title="un-camino-abierto-por-san-ignacio-en-el-evangelio" wpoptions="true" thumbtype="" ></div><script class="df-shortcode-script" nowprocket type="application/javascript">window.option_df_18019 = {"outline":[],"backgroundColor":"#fff","autoEnableOutline":"false","autoEnableThumbnail":"false","overwritePDFOutline":"false","direction":"1","pageSize":"0","maxTextureSize":"1800","source":"https:\/\/www.mariafelix.org\/wp-content\/uploads\/2023\/11\/Magnificat-Madre-Maria-Felix-Un-camino-abierto-por-San-Ignacio-en-el-Evangelio.pdf","wpOptions":"true"}; if(window.DFLIP && window.DFLIP.parseBooks){window.DFLIP.parseBooks();}</script></span>[/et_pb_text][/et_pb_column][/et_pb_row][/et_pb_section]</p>

<p>A seguir, “Um caminho aberto por Santo Inácio no Evangelho”. Este artigo sobre Madre Félix como modelo de oração foi publicado no Magnificat mensal de janeiro a Abril de 2022, na seção “escola de grandes orações”. Clique na imagem e, uma vez aberta, clique novamente para ampliá-la. &nbsp; Um caminho aberto por Santo Inácio no [&hellip;]</p>

<!-- This site is optimized with the Yoast SEO plugin v26.8 - https://yoast.com/product/yoast-seo-wordpress/ -->
<title>EN MAGNIFICAT - Madre María Félix Torres</title>
<meta name="robots" content="index, follow, max-snippet:-1, max-image-preview:large, max-video-preview:-1" />
<link rel="canonical" href="https://www.mariafelix.org/pt-br/en-magnificat/" />
<meta property="og:locale" content="pt_BR" />
<meta property="og:type" content="article" />
<meta property="og:title" content="EN MAGNIFICAT - Madre María Félix Torres" />
<meta property="og:description" content="A seguir, “Um caminho aberto por Santo Inácio no Evangelho”. Este artigo sobre Madre Félix como modelo de oração foi publicado no Magnificat mensal de janeiro a Abril de 2022, na seção “escola de grandes orações”. Clique na imagem e, uma vez aberta, clique novamente para ampliá-la. &nbsp; Um caminho aberto por Santo Inácio no [&hellip;]" />
<meta property="og:url" content="https://www.mariafelix.org/pt-br/en-magnificat/" />
<meta property="og:site_name" content="Madre María Félix Torres" />
<meta property="article:modified_time" content="2023-11-14T20:38:28+00:00" />
<meta name="twitter:card" content="summary_large_image" />
<script type="application/ld+json" class="yoast-schema-graph">{"@context":"https://schema.org","@graph":[{"@type":"WebPage","@id":"https://www.mariafelix.org/pt-br/en-magnificat/","url":"https://www.mariafelix.org/pt-br/en-magnificat/","name":"EN MAGNIFICAT - Madre María Félix Torres","isPartOf":{"@id":"https://www.mariafelix.org/pt-br/#website"},"datePublished":"2023-11-10T10:24:41+00:00","dateModified":"2023-11-14T20:38:28+00:00","inLanguage":"pt-BR","potentialAction":[{"@type":"ReadAction","target":["https://www.mariafelix.org/pt-br/en-magnificat/"]}]},{"@type":"WebSite","@id":"https://www.mariafelix.org/pt-br/#website","url":"https://www.mariafelix.org/pt-br/","name":"Madre María Félix Torres","description":"Madre María Félix Torres","potentialAction":[{"@type":"SearchAction","target":{"@type":"EntryPoint","urlTemplate":"https://www.mariafelix.org/pt-br/?s={search_term_string}"},"query-input":{"@type":"PropertyValueSpecification","valueRequired":true,"valueName":"search_term_string"}}],"inLanguage":"pt-BR"}]}</script>
<!-- / Yoast SEO plugin. -->

EN MAGNIFICAT - Madre María Félix Torres

A seguir, “Um caminho aberto por Santo Inácio no Evangelho”. Este artigo sobre Madre Félix como modelo de oração foi publicado no Magnificat mensal de janeiro a Abril de 2022, na seção “escola de grandes orações”. Clique na imagem e, uma vez aberta, clique novamente para ampliá-la. &nbsp; Um caminho aberto por Santo Inácio no [&hellip;]

Madre María Félix Torres
