{"id":18181,"date":"2023-11-08T20:22:18","date_gmt":"2023-11-08T19:22:18","guid":{"rendered":"https:\/\/www.mariafelix.org\/biografie-dutch\/"},"modified":"2023-11-14T13:55:45","modified_gmt":"2023-11-14T12:55:45","slug":"biografie-dutch","status":"publish","type":"page","link":"https:\/\/www.mariafelix.org\/pt-br\/biografie-dutch\/","title":{"rendered":"BIOGRAFIE (DUTCH)"},"content":{"rendered":"<p>[et_pb_section fb_built=&#8221;1&#8243; fullwidth=&#8221;on&#8221; _builder_version=&#8221;4.22.2&#8243; _module_preset=&#8221;2ce0b7bd-dbb5-4adc-bc83-1100f73502ab&#8221; da_disable_devices=&#8221;off|off|off&#8221; global_colors_info=&#8221;{}&#8221; da_is_popup=&#8221;off&#8221; da_exit_intent=&#8221;off&#8221; da_has_close=&#8221;on&#8221; da_alt_close=&#8221;off&#8221; da_dark_close=&#8221;off&#8221; da_not_modal=&#8221;on&#8221; da_is_singular=&#8221;off&#8221; da_with_loader=&#8221;off&#8221; da_has_shadow=&#8221;on&#8221;][et_pb_fullwidth_slider _builder_version=&#8221;4.23.1&#8243; _module_preset=&#8221;9587e0c8-d8ae-4497-80de-dc6ac7c71289&#8243; global_colors_info=&#8221;{}&#8221;][et_pb_slide _builder_version=&#8221;4.23.1&#8243; _module_preset=&#8221;default&#8221; background_image=&#8221;https:\/\/www.mariafelix.org\/wp-content\/uploads\/2023\/11\/image-13.jpeg&#8221; background_enable_image=&#8221;on&#8221; global_colors_info=&#8221;{}&#8221; sticky_transition=&#8221;on&#8221;][\/et_pb_slide][\/et_pb_fullwidth_slider][\/et_pb_section][et_pb_section fb_built=&#8221;1&#8243; _builder_version=&#8221;4.22.2&#8243; _module_preset=&#8221;c3571faf-1673-4b9f-bf46-f8250e9a3f6a&#8221; da_disable_devices=&#8221;off|off|off&#8221; global_colors_info=&#8221;{}&#8221; da_is_popup=&#8221;off&#8221; da_exit_intent=&#8221;off&#8221; da_has_close=&#8221;on&#8221; da_alt_close=&#8221;off&#8221; da_dark_close=&#8221;off&#8221; da_not_modal=&#8221;on&#8221; da_is_singular=&#8221;off&#8221; da_with_loader=&#8221;off&#8221; da_has_shadow=&#8221;on&#8221;][et_pb_row column_structure=&#8221;1_4,3_4&#8243; _builder_version=&#8221;4.22.2&#8243; _module_preset=&#8221;0b5ba106-5785-489f-ba7b-9fa41143096f&#8221; global_colors_info=&#8221;{}&#8221;][et_pb_column type=&#8221;1_4&#8243; _builder_version=&#8221;4.22.2&#8243; _module_preset=&#8221;824ebbaf-e3b5-4405-acb8-3b2fd9286d17&#8243; global_colors_info=&#8221;{}&#8221;][et_pb_text _builder_version=&#8221;4.23.1&#8243; _module_preset=&#8221;ecb607dd-d36f-4b0d-a6f8-239bd01a7812&#8243; background_color=&#8221;#821b33&#8243; hover_enabled=&#8221;0&#8243; global_colors_info=&#8221;{}&#8221; sticky_enabled=&#8221;0&#8243;]BIOGRAFIE[\/et_pb_text][et_pb_image src=&#8221;https:\/\/www.mariafelix.org\/wp-content\/uploads\/2023\/11\/image-2.png&#8221; title_text=&#8221;image&#8221; _builder_version=&#8221;4.23.1&#8243; _module_preset=&#8221;78b8f189-3fc7-40bb-b902-2ab30819502b&#8221; global_colors_info=&#8221;{}&#8221;][\/et_pb_image][\/et_pb_column][et_pb_column type=&#8221;3_4&#8243; _builder_version=&#8221;4.22.2&#8243; _module_preset=&#8221;fec2c85f-4b95-4256-bb6d-4b28d4ff7161&#8243; global_colors_info=&#8221;{}&#8221;][et_pb_text _builder_version=&#8221;4.23.1&#8243; _module_preset=&#8221;20504ce9-00fc-4f70-97e5-cb8f521d8155&#8243; global_colors_info=&#8221;{}&#8221;]<\/p>\n<p>Geboren in Albelda in Noord Spanje, dicht bij de Pyrren\u00eben op 25 Augustus 1907, werd Mar\u00eda F\u00e9lix op 12 September van dat jaar in deze plaats gedoopt.<\/p>\n<p>Op veertienjarige leeftijd bespeurde zij de roeping zich geheel aan Christus te geven. Zij gevoelde zich onweerstaanbaar aangetrokken tot de Ignatiaanse spiritualiteit. Zich inzetten voor de <strong>meerdere eer van God in de navolging van en verbondenheid met Christus<\/strong> werd haar bestaansgrond. Middelerwijle behaalde zij het<strong> licentiaat in de scheikunde om zo een meer geschikt instrument in dienst van Christus te worden.<\/strong><\/p>\n<p>Langs een weg die een verrassende en authentieke overeenkomst vertoonde met de levensloop van de<strong> H. Ignatius van Loyola,<\/strong> leidde God haar zodat haar levenstaak vaste vorm aannam in het Gezelschap van de Verlosser, dat in 1952 als een religieuze congregatie met diocesaan rechtelijke status werd opgericht en in 1986 tot een instituut van pauselijke recht werd verheven.<\/p>\n<p>De taak die God haar toe wees binnen de Kerk was die<strong> van de christelijke opvoeding van de jeugd, <\/strong>met name van de universiteitsstudenten, waar ook ter wereld. <strong>Op grond van deze doelstelling ontstonden de Colleges van de Moeder van de Verlosser,<\/strong> die tot taak hebben het charisma dat God aan Mar\u00eda F\u00e9liz gaf door te geven \u2013 trouw aan de Paus, een grote liefde tot de Allerheiligste Maagd en steeds een stuwende kracht te zijn in de maatschappij om deze tot Christus te brengen.<\/p>\n<p>In diepe vroomheid is zij op 12 Januari 2001 te Madrid gestorven. De oorzaak van de heiligverklaring van de Dienaar Gods werd in 2009 in Madrid ge\u00efntroduceerd. <strong>Op 10 juli 2020 machtigde paus Franciscus de Congregatie voor de Heiligenzaken om het decreet van hero\u00efsche deugden af \u200b\u200bte kondigen en haar eerbiedwaardig te verklaren. <\/strong><\/p>\n<p>Vanaf dit moment bevestigt onze Moederkerk dat in haar een buitengewone beoefening van alle christelijke deugden is waargenomen. Met de studie en goedkeuring van een wonder verkregen door haar voorspraak, kan Moeder Mar\u00eda F\u00e9lix gezegend worden verklaard en zal een tweede wonder de weg openen voor haar heiligverklaring.<\/p>\n<p>U wordt verzocht om op haar voorspraak verkregen gunsten mee te delen aan de religieuzen van de <em>Compa\u00f1\u00eda del Salvador, Calle Tapia de Casariego, 19, 28023 Madrid, Spanje.<\/em><\/p>\n<p>[\/et_pb_text][\/et_pb_column][\/et_pb_row][\/et_pb_section]<\/p>\n","protected":false},"excerpt":{"rendered":"<p>BIOGRAFIEGeboren in Albelda in Noord Spanje, dicht bij de Pyrren\u00eben op 25 Augustus 1907, werd Mar\u00eda F\u00e9lix op 12 September van dat jaar in deze plaats gedoopt. Op veertienjarige leeftijd bespeurde zij de roeping zich geheel aan Christus te geven. Zij gevoelde zich onweerstaanbaar aangetrokken tot de Ignatiaanse spiritualiteit. Zich inzetten voor de meerdere eer [&hellip;]<\/p>\n","protected":false},"author":1,"featured_media":0,"parent":0,"menu_order":0,"comment_status":"closed","ping_status":"closed","template":"","meta":{"_et_pb_use_builder":"on","_et_pb_old_content":"","_et_gb_content_width":"","footnotes":""},"class_list":["post-18181","page","type-page","status-publish","hentry"],"yoast_head":"<!-- This site is optimized with the Yoast SEO plugin v26.8 - https:\/\/yoast.com\/product\/yoast-seo-wordpress\/ -->\n<title>BIOGRAFIE (DUTCH) - Madre Mar\u00eda F\u00e9lix Torres<\/title>\n<meta name=\"robots\" content=\"index, follow, max-snippet:-1, max-image-preview:large, max-video-preview:-1\" \/>\n<link rel=\"canonical\" href=\"https:\/\/www.mariafelix.org\/pt-br\/biografie-dutch\/\" \/>\n<meta property=\"og:locale\" content=\"pt_BR\" \/>\n<meta property=\"og:type\" content=\"article\" \/>\n<meta property=\"og:title\" content=\"BIOGRAFIE (DUTCH) - Madre Mar\u00eda F\u00e9lix Torres\" \/>\n<meta property=\"og:description\" content=\"BIOGRAFIEGeboren in Albelda in Noord Spanje, dicht bij de Pyrren\u00eben op 25 Augustus 1907, werd Mar\u00eda F\u00e9lix op 12 September van dat jaar in deze plaats gedoopt. Op veertienjarige leeftijd bespeurde zij de roeping zich geheel aan Christus te geven. Zij gevoelde zich onweerstaanbaar aangetrokken tot de Ignatiaanse spiritualiteit. Zich inzetten voor de meerdere eer [&hellip;]\" \/>\n<meta property=\"og:url\" content=\"https:\/\/www.mariafelix.org\/pt-br\/biografie-dutch\/\" \/>\n<meta property=\"og:site_name\" content=\"Madre Mar\u00eda F\u00e9lix Torres\" \/>\n<meta property=\"article:modified_time\" content=\"2023-11-14T12:55:45+00:00\" \/>\n<meta name=\"twitter:card\" content=\"summary_large_image\" \/>\n<script type=\"application\/ld+json\" class=\"yoast-schema-graph\">{\"@context\":\"https:\/\/schema.org\",\"@graph\":[{\"@type\":\"WebPage\",\"@id\":\"https:\/\/www.mariafelix.org\/pt-br\/biografie-dutch\/\",\"url\":\"https:\/\/www.mariafelix.org\/pt-br\/biografie-dutch\/\",\"name\":\"BIOGRAFIE (DUTCH) - Madre Mar\u00eda F\u00e9lix Torres\",\"isPartOf\":{\"@id\":\"https:\/\/www.mariafelix.org\/pt-br\/#website\"},\"datePublished\":\"2023-11-08T19:22:18+00:00\",\"dateModified\":\"2023-11-14T12:55:45+00:00\",\"inLanguage\":\"pt-BR\",\"potentialAction\":[{\"@type\":\"ReadAction\",\"target\":[\"https:\/\/www.mariafelix.org\/pt-br\/biografie-dutch\/\"]}]},{\"@type\":\"WebSite\",\"@id\":\"https:\/\/www.mariafelix.org\/pt-br\/#website\",\"url\":\"https:\/\/www.mariafelix.org\/pt-br\/\",\"name\":\"Madre Mar\u00eda F\u00e9lix Torres\",\"description\":\"Madre Mar\u00eda F\u00e9lix Torres\",\"potentialAction\":[{\"@type\":\"SearchAction\",\"target\":{\"@type\":\"EntryPoint\",\"urlTemplate\":\"https:\/\/www.mariafelix.org\/pt-br\/?s={search_term_string}\"},\"query-input\":{\"@type\":\"PropertyValueSpecification\",\"valueRequired\":true,\"valueName\":\"search_term_string\"}}],\"inLanguage\":\"pt-BR\"}]}<\/script>\n<!-- \/ Yoast SEO plugin. -->","yoast_head_json":{"title":"BIOGRAFIE (DUTCH) - Madre Mar\u00eda F\u00e9lix Torres","robots":{"index":"index","follow":"follow","max-snippet":"max-snippet:-1","max-image-preview":"max-image-preview:large","max-video-preview":"max-video-preview:-1"},"canonical":"https:\/\/www.mariafelix.org\/pt-br\/biografie-dutch\/","og_locale":"pt_BR","og_type":"article","og_title":"BIOGRAFIE (DUTCH) - Madre Mar\u00eda F\u00e9lix Torres","og_description":"BIOGRAFIEGeboren in Albelda in Noord Spanje, dicht bij de Pyrren\u00eben op 25 Augustus 1907, werd Mar\u00eda F\u00e9lix op 12 September van dat jaar in deze plaats gedoopt. Op veertienjarige leeftijd bespeurde zij de roeping zich geheel aan Christus te geven. Zij gevoelde zich onweerstaanbaar aangetrokken tot de Ignatiaanse spiritualiteit. Zich inzetten voor de meerdere eer [&hellip;]","og_url":"https:\/\/www.mariafelix.org\/pt-br\/biografie-dutch\/","og_site_name":"Madre Mar\u00eda F\u00e9lix Torres","article_modified_time":"2023-11-14T12:55:45+00:00","twitter_card":"summary_large_image","schema":{"@context":"https:\/\/schema.org","@graph":[{"@type":"WebPage","@id":"https:\/\/www.mariafelix.org\/pt-br\/biografie-dutch\/","url":"https:\/\/www.mariafelix.org\/pt-br\/biografie-dutch\/","name":"BIOGRAFIE (DUTCH) - Madre Mar\u00eda F\u00e9lix Torres","isPartOf":{"@id":"https:\/\/www.mariafelix.org\/pt-br\/#website"},"datePublished":"2023-11-08T19:22:18+00:00","dateModified":"2023-11-14T12:55:45+00:00","inLanguage":"pt-BR","potentialAction":[{"@type":"ReadAction","target":["https:\/\/www.mariafelix.org\/pt-br\/biografie-dutch\/"]}]},{"@type":"WebSite","@id":"https:\/\/www.mariafelix.org\/pt-br\/#website","url":"https:\/\/www.mariafelix.org\/pt-br\/","name":"Madre Mar\u00eda F\u00e9lix Torres","description":"Madre Mar\u00eda F\u00e9lix Torres","potentialAction":[{"@type":"SearchAction","target":{"@type":"EntryPoint","urlTemplate":"https:\/\/www.mariafelix.org\/pt-br\/?s={search_term_string}"},"query-input":{"@type":"PropertyValueSpecification","valueRequired":true,"valueName":"search_term_string"}}],"inLanguage":"pt-BR"}]}},"_links":{"self":[{"href":"https:\/\/www.mariafelix.org\/pt-br\/wp-json\/wp\/v2\/pages\/18181","targetHints":{"allow":["GET"]}}],"collection":[{"href":"https:\/\/www.mariafelix.org\/pt-br\/wp-json\/wp\/v2\/pages"}],"about":[{"href":"https:\/\/www.mariafelix.org\/pt-br\/wp-json\/wp\/v2\/types\/page"}],"author":[{"embeddable":true,"href":"https:\/\/www.mariafelix.org\/pt-br\/wp-json\/wp\/v2\/users\/1"}],"replies":[{"embeddable":true,"href":"https:\/\/www.mariafelix.org\/pt-br\/wp-json\/wp\/v2\/comments?post=18181"}],"version-history":[{"count":1,"href":"https:\/\/www.mariafelix.org\/pt-br\/wp-json\/wp\/v2\/pages\/18181\/revisions"}],"predecessor-version":[{"id":18422,"href":"https:\/\/www.mariafelix.org\/pt-br\/wp-json\/wp\/v2\/pages\/18181\/revisions\/18422"}],"wp:attachment":[{"href":"https:\/\/www.mariafelix.org\/pt-br\/wp-json\/wp\/v2\/media?parent=18181"}],"curies":[{"name":"wp","href":"https:\/\/api.w.org\/{rel}","templated":true}]}}

<p>[et_pb_section fb_built=&#8221;1&#8243; fullwidth=&#8221;on&#8221; _builder_version=&#8221;4.22.2&#8243; _module_preset=&#8221;2ce0b7bd-dbb5-4adc-bc83-1100f73502ab&#8221; da_disable_devices=&#8221;off|off|off&#8221; global_colors_info=&#8221;{}&#8221; da_is_popup=&#8221;off&#8221; da_exit_intent=&#8221;off&#8221; da_has_close=&#8221;on&#8221; da_alt_close=&#8221;off&#8221; da_dark_close=&#8221;off&#8221; da_not_modal=&#8221;on&#8221; da_is_singular=&#8221;off&#8221; da_with_loader=&#8221;off&#8221; da_has_shadow=&#8221;on&#8221;][et_pb_fullwidth_slider _builder_version=&#8221;4.23.1&#8243; _module_preset=&#8221;9587e0c8-d8ae-4497-80de-dc6ac7c71289&#8243; global_colors_info=&#8221;{}&#8221;][et_pb_slide _builder_version=&#8221;4.23.1&#8243; _module_preset=&#8221;default&#8221; background_image=&#8221;https://www.mariafelix.org/wp-content/uploads/2023/11/image-13.jpeg&#8221; background_enable_image=&#8221;on&#8221; global_colors_info=&#8221;{}&#8221; sticky_transition=&#8221;on&#8221;][/et_pb_slide][/et_pb_fullwidth_slider][/et_pb_section][et_pb_section fb_built=&#8221;1&#8243; _builder_version=&#8221;4.22.2&#8243; _module_preset=&#8221;c3571faf-1673-4b9f-bf46-f8250e9a3f6a&#8221; da_disable_devices=&#8221;off|off|off&#8221; global_colors_info=&#8221;{}&#8221; da_is_popup=&#8221;off&#8221; da_exit_intent=&#8221;off&#8221; da_has_close=&#8221;on&#8221; da_alt_close=&#8221;off&#8221; da_dark_close=&#8221;off&#8221; da_not_modal=&#8221;on&#8221; da_is_singular=&#8221;off&#8221; da_with_loader=&#8221;off&#8221; da_has_shadow=&#8221;on&#8221;][et_pb_row column_structure=&#8221;1_4,3_4&#8243; _builder_version=&#8221;4.22.2&#8243; _module_preset=&#8221;0b5ba106-5785-489f-ba7b-9fa41143096f&#8221; global_colors_info=&#8221;{}&#8221;][et_pb_column type=&#8221;1_4&#8243; _builder_version=&#8221;4.22.2&#8243; _module_preset=&#8221;824ebbaf-e3b5-4405-acb8-3b2fd9286d17&#8243; global_colors_info=&#8221;{}&#8221;][et_pb_text _builder_version=&#8221;4.23.1&#8243; _module_preset=&#8221;ecb607dd-d36f-4b0d-a6f8-239bd01a7812&#8243; background_color=&#8221;#821b33&#8243; hover_enabled=&#8221;0&#8243; global_colors_info=&#8221;{}&#8221; sticky_enabled=&#8221;0&#8243;]BIOGRAFIE[/et_pb_text][et_pb_image src=&#8221;https://www.mariafelix.org/wp-content/uploads/2023/11/image-2.png&#8221; title_text=&#8221;image&#8221; _builder_version=&#8221;4.23.1&#8243; _module_preset=&#8221;78b8f189-3fc7-40bb-b902-2ab30819502b&#8221; global_colors_info=&#8221;{}&#8221;][/et_pb_image][/et_pb_column][et_pb_column type=&#8221;3_4&#8243; _builder_version=&#8221;4.22.2&#8243; _module_preset=&#8221;fec2c85f-4b95-4256-bb6d-4b28d4ff7161&#8243; global_colors_info=&#8221;{}&#8221;][et_pb_text _builder_version=&#8221;4.23.1&#8243; _module_preset=&#8221;20504ce9-00fc-4f70-97e5-cb8f521d8155&#8243; global_colors_info=&#8221;{}&#8221;]</p>
<p>Geboren in Albelda in Noord Spanje, dicht bij de Pyrrenëen op 25 Augustus 1907, werd María Félix op 12 September van dat jaar in deze plaats gedoopt.</p>
<p>Op veertienjarige leeftijd bespeurde zij de roeping zich geheel aan Christus te geven. Zij gevoelde zich onweerstaanbaar aangetrokken tot de Ignatiaanse spiritualiteit. Zich inzetten voor de <strong>meerdere eer van God in de navolging van en verbondenheid met Christus</strong> werd haar bestaansgrond. Middelerwijle behaalde zij het<strong> licentiaat in de scheikunde om zo een meer geschikt instrument in dienst van Christus te worden.</strong></p>
<p>Langs een weg die een verrassende en authentieke overeenkomst vertoonde met de levensloop van de<strong> H. Ignatius van Loyola,</strong> leidde God haar zodat haar levenstaak vaste vorm aannam in het Gezelschap van de Verlosser, dat in 1952 als een religieuze congregatie met diocesaan rechtelijke status werd opgericht en in 1986 tot een instituut van pauselijke recht werd verheven.</p>
<p>De taak die God haar toe wees binnen de Kerk was die<strong> van de christelijke opvoeding van de jeugd, </strong>met name van de universiteitsstudenten, waar ook ter wereld. <strong>Op grond van deze doelstelling ontstonden de Colleges van de Moeder van de Verlosser,</strong> die tot taak hebben het charisma dat God aan María Féliz gaf door te geven – trouw aan de Paus, een grote liefde tot de Allerheiligste Maagd en steeds een stuwende kracht te zijn in de maatschappij om deze tot Christus te brengen.</p>
<p>In diepe vroomheid is zij op 12 Januari 2001 te Madrid gestorven. De oorzaak van de heiligverklaring van de Dienaar Gods werd in 2009 in Madrid geïntroduceerd. <strong>Op 10 juli 2020 machtigde paus Franciscus de Congregatie voor de Heiligenzaken om het decreet van heroïsche deugden af ​​te kondigen en haar eerbiedwaardig te verklaren. </strong></p>
<p>Vanaf dit moment bevestigt onze Moederkerk dat in haar een buitengewone beoefening van alle christelijke deugden is waargenomen. Met de studie en goedkeuring van een wonder verkregen door haar voorspraak, kan Moeder María Félix gezegend worden verklaard en zal een tweede wonder de weg openen voor haar heiligverklaring.</p>
<p>U wordt verzocht om op haar voorspraak verkregen gunsten mee te delen aan de religieuzen van de <em>Compañía del Salvador, Calle Tapia de Casariego, 19, 28023 Madrid, Spanje.</em></p>
<p>[/et_pb_text][/et_pb_column][/et_pb_row][/et_pb_section]</p>

<p>BIOGRAFIEGeboren in Albelda in Noord Spanje, dicht bij de Pyrrenëen op 25 Augustus 1907, werd María Félix op 12 September van dat jaar in deze plaats gedoopt. Op veertienjarige leeftijd bespeurde zij de roeping zich geheel aan Christus te geven. Zij gevoelde zich onweerstaanbaar aangetrokken tot de Ignatiaanse spiritualiteit. Zich inzetten voor de meerdere eer [&hellip;]</p>

<!-- This site is optimized with the Yoast SEO plugin v26.8 - https://yoast.com/product/yoast-seo-wordpress/ -->
<title>BIOGRAFIE (DUTCH) - Madre María Félix Torres</title>
<meta name="robots" content="index, follow, max-snippet:-1, max-image-preview:large, max-video-preview:-1" />
<link rel="canonical" href="https://www.mariafelix.org/pt-br/biografie-dutch/" />
<meta property="og:locale" content="pt_BR" />
<meta property="og:type" content="article" />
<meta property="og:title" content="BIOGRAFIE (DUTCH) - Madre María Félix Torres" />
<meta property="og:description" content="BIOGRAFIEGeboren in Albelda in Noord Spanje, dicht bij de Pyrrenëen op 25 Augustus 1907, werd María Félix op 12 September van dat jaar in deze plaats gedoopt. Op veertienjarige leeftijd bespeurde zij de roeping zich geheel aan Christus te geven. Zij gevoelde zich onweerstaanbaar aangetrokken tot de Ignatiaanse spiritualiteit. Zich inzetten voor de meerdere eer [&hellip;]" />
<meta property="og:url" content="https://www.mariafelix.org/pt-br/biografie-dutch/" />
<meta property="og:site_name" content="Madre María Félix Torres" />
<meta property="article:modified_time" content="2023-11-14T12:55:45+00:00" />
<meta name="twitter:card" content="summary_large_image" />
<script type="application/ld+json" class="yoast-schema-graph">{"@context":"https://schema.org","@graph":[{"@type":"WebPage","@id":"https://www.mariafelix.org/pt-br/biografie-dutch/","url":"https://www.mariafelix.org/pt-br/biografie-dutch/","name":"BIOGRAFIE (DUTCH) - Madre María Félix Torres","isPartOf":{"@id":"https://www.mariafelix.org/pt-br/#website"},"datePublished":"2023-11-08T19:22:18+00:00","dateModified":"2023-11-14T12:55:45+00:00","inLanguage":"pt-BR","potentialAction":[{"@type":"ReadAction","target":["https://www.mariafelix.org/pt-br/biografie-dutch/"]}]},{"@type":"WebSite","@id":"https://www.mariafelix.org/pt-br/#website","url":"https://www.mariafelix.org/pt-br/","name":"Madre María Félix Torres","description":"Madre María Félix Torres","potentialAction":[{"@type":"SearchAction","target":{"@type":"EntryPoint","urlTemplate":"https://www.mariafelix.org/pt-br/?s={search_term_string}"},"query-input":{"@type":"PropertyValueSpecification","valueRequired":true,"valueName":"search_term_string"}}],"inLanguage":"pt-BR"}]}</script>
<!-- / Yoast SEO plugin. -->

BIOGRAFIE (DUTCH) - Madre María Félix Torres

BIOGRAFIEGeboren in Albelda in Noord Spanje, dicht bij de Pyrrenëen op 25 Augustus 1907, werd María Félix op 12 September van dat jaar in deze plaats gedoopt. Op veertienjarige leeftijd bespeurde zij de roeping zich geheel aan Christus te geven. Zij gevoelde zich onweerstaanbaar aangetrokken tot de Ignatiaanse spiritualiteit. Zich inzetten voor de meerdere eer [&hellip;]

Madre María Félix Torres
