{"id":18193,"date":"2023-11-08T20:25:13","date_gmt":"2023-11-08T19:25:13","guid":{"rendered":"https:\/\/www.mariafelix.org\/biografia-catala\/"},"modified":"2023-11-14T13:56:33","modified_gmt":"2023-11-14T12:56:33","slug":"biografia-catala","status":"publish","type":"page","link":"https:\/\/www.mariafelix.org\/pt-br\/biografia-catala\/","title":{"rendered":"BIOGRAF\u00cdA (CATAL\u00c0)"},"content":{"rendered":"<p>[et_pb_section fb_built=&#8221;1&#8243; fullwidth=&#8221;on&#8221; _builder_version=&#8221;4.22.2&#8243; _module_preset=&#8221;2ce0b7bd-dbb5-4adc-bc83-1100f73502ab&#8221; da_disable_devices=&#8221;off|off|off&#8221; global_colors_info=&#8221;{}&#8221; da_is_popup=&#8221;off&#8221; da_exit_intent=&#8221;off&#8221; da_has_close=&#8221;on&#8221; da_alt_close=&#8221;off&#8221; da_dark_close=&#8221;off&#8221; da_not_modal=&#8221;on&#8221; da_is_singular=&#8221;off&#8221; da_with_loader=&#8221;off&#8221; da_has_shadow=&#8221;on&#8221;][et_pb_fullwidth_slider _builder_version=&#8221;4.23.1&#8243; _module_preset=&#8221;9587e0c8-d8ae-4497-80de-dc6ac7c71289&#8243; global_colors_info=&#8221;{}&#8221;][et_pb_slide _builder_version=&#8221;4.23.1&#8243; _module_preset=&#8221;default&#8221; background_image=&#8221;https:\/\/www.mariafelix.org\/wp-content\/uploads\/2023\/11\/image-14.jpeg&#8221; background_enable_image=&#8221;on&#8221; global_colors_info=&#8221;{}&#8221; sticky_transition=&#8221;on&#8221;][\/et_pb_slide][\/et_pb_fullwidth_slider][\/et_pb_section][et_pb_section fb_built=&#8221;1&#8243; _builder_version=&#8221;4.22.2&#8243; _module_preset=&#8221;c3571faf-1673-4b9f-bf46-f8250e9a3f6a&#8221; da_disable_devices=&#8221;off|off|off&#8221; global_colors_info=&#8221;{}&#8221; da_is_popup=&#8221;off&#8221; da_exit_intent=&#8221;off&#8221; da_has_close=&#8221;on&#8221; da_alt_close=&#8221;off&#8221; da_dark_close=&#8221;off&#8221; da_not_modal=&#8221;on&#8221; da_is_singular=&#8221;off&#8221; da_with_loader=&#8221;off&#8221; da_has_shadow=&#8221;on&#8221;][et_pb_row column_structure=&#8221;1_4,3_4&#8243; _builder_version=&#8221;4.22.2&#8243; _module_preset=&#8221;0b5ba106-5785-489f-ba7b-9fa41143096f&#8221; global_colors_info=&#8221;{}&#8221;][et_pb_column type=&#8221;1_4&#8243; _builder_version=&#8221;4.22.2&#8243; _module_preset=&#8221;824ebbaf-e3b5-4405-acb8-3b2fd9286d17&#8243; global_colors_info=&#8221;{}&#8221;][et_pb_text _builder_version=&#8221;4.23.1&#8243; _module_preset=&#8221;ecb607dd-d36f-4b0d-a6f8-239bd01a7812&#8243; background_color=&#8221;#821b33&#8243; hover_enabled=&#8221;0&#8243; global_colors_info=&#8221;{}&#8221; sticky_enabled=&#8221;0&#8243;]BIOGRAF\u00cdA[\/et_pb_text][et_pb_image src=&#8221;https:\/\/www.mariafelix.org\/wp-content\/uploads\/2023\/11\/image-2.png&#8221; title_text=&#8221;image&#8221; _builder_version=&#8221;4.23.1&#8243; _module_preset=&#8221;78b8f189-3fc7-40bb-b902-2ab30819502b&#8221; global_colors_info=&#8221;{}&#8221;][\/et_pb_image][\/et_pb_column][et_pb_column type=&#8221;3_4&#8243; _builder_version=&#8221;4.22.2&#8243; _module_preset=&#8221;fec2c85f-4b95-4256-bb6d-4b28d4ff7161&#8243; global_colors_info=&#8221;{}&#8221;][et_pb_text _builder_version=&#8221;4.23.1&#8243; _module_preset=&#8221;20504ce9-00fc-4f70-97e5-cb8f521d8155&#8243; hover_enabled=&#8221;0&#8243; global_colors_info=&#8221;{}&#8221; sticky_enabled=&#8221;0&#8243;]<\/p>\n<p>La Maria F\u00e9lix neix el 25 d\u2019agost de 1907 a la vila d\u2019Albelda. (Osca, Espanya)<\/p>\n<p>Els seus pares, Ramon i Florentina, es van preocupar de que reb\u00e9s una educaci\u00f3 acurada, cursant el batxillerat com interna al col\u00b7legi de la Companyia de Maria, a Lleida. All\u00ed, amb catorze anys, viu per primera vegada l\u2019experi\u00e8ncia dels Exercicis Espirituals de Sant Ignasi de Loiola. Sent molt intensament l\u2019amor i la crida del Senyor i la seva resposta \u2013 segons llegim en el seu diari \u2013 no pot ser m\u00e9s clara i decidida:<strong> \u201cS\u00f3c seva plena i conscientment per sempre\u201d.<\/strong><\/p>\n<p>Degut a l\u2019oposici\u00f3 dels seus pares a la vocaci\u00f3 religiosa, comen\u00e7a els estudis universitaris i <strong>obt\u00e9, l\u2019any 1930, la llicenciatura en Ci\u00e8ncies Qu\u00edmiques a la Universitat de Saragossa<\/strong>. Sap que D\u00e9u la vol seva, per\u00f2 ni on ni com es realitzar\u00e0 la seva vocaci\u00f3. El seu desig, mentre s\u2019aclareix la voluntat de D\u00e9u sobre ella, es dedicar-se a l\u2019apostolat entre les joves estudiants. El dia 15 d\u2019agost de 1934, amb la seva primera companya, Carmen Aige, fa un vot privat de gastar la seva vida en profit de les \u00e0nimes i del servei de l\u2019Esgl\u00e9sia. <strong>La major gloria de D\u00e9u, seguint a Crist i unida a Ell, es converteix en la ra\u00f3 de la seva exist\u00e8ncia.<\/strong><\/p>\n<p>Poc a poc, es van unint a ella altres joves universit\u00e0ries. A Barcelona, l\u2019any 1940, reben el perm\u00eds per viure en comunitat i, l\u2019any 1952, son rebudes per l\u2019Esgl\u00e9sia com a Congregaci\u00f3 Religiosa de Dret Dioces\u00e0.<strong> L\u2019any 1986, la Companyia del Salvador va ser aprovada per la Santa Seu com a Institut de Dret Pontifici.<\/strong><\/p>\n<p>Durant 18 anys, la Mare Maria F\u00e9lix Torres serveix a les seves germanes com a Superiora General. D\u00e9u li va assignar dins la seva Esgl\u00e9sia la parcel\u00b7la de l\u2019educaci\u00f3 cristiana de la joventut, sobretot universit\u00e0ria. Amb aquest fi <strong>obre a Espanya i a Am\u00e8rica els Col\u00b7legis Mater Salvatoris<\/strong>, que transmeten el carisma que el Senyor li va concedir: adhesi\u00f3 al Papa, amor tendre a la Mare de D\u00e9u i fer dels joves permanent ferment evang\u00e8lic en la societat, per portar-la a Jesucrist.<\/p>\n<p>Fins la seva mort el 12 de gener de 2001, a la Curia General, a Madrid, la Mare Maria F\u00e9lix <strong>\u00e9s amb tota veritat \u2018\u2019\u00e0nima i mare\u201d de la Congregaci\u00f3, tot i portant una vida tan discreta que ben pocs sabien que era la Fundadora.<\/strong> Despr\u00e8s de la seva mort, s\u2019han anat multiplicant els testimonis de persones que recorden les coses extraordin\u00e0ries de la seva vida, s\u2019encomanen a ella en les seves oracions i atribueixen favors a la seva intercessi\u00f3. La causa de canonitzaci\u00f3 de la Serventa de D\u00e9u es va introduir a Madrid el 2009. <strong>El 10 de juliol de 2020, el Papa Francesc va autoritzar a la Congregaci\u00f3 de les Causes dels Sants a promulgar el decret de virtuts heroiques, declarant-la Venerable.<\/strong><\/p>\n<p>A partir d\u2019aquest moment, la nostra Mare Esgl\u00e9sia confirma que s\u2019ha vist en ella un exercici extraordinari de totes les virtuts cristianes. Amb l\u2019estudi i l\u2019aprovaci\u00f3 d\u2019un miracle obtingut per la seva intercessi\u00f3, la Mare Mar\u00eda F\u00e9lix es pot declarar Beata i un segon miracle obrir\u00e0 el cam\u00ed per a la seva canonitzaci\u00f3.<\/p>\n<p>[\/et_pb_text][\/et_pb_column][\/et_pb_row][\/et_pb_section]<\/p>\n","protected":false},"excerpt":{"rendered":"<p>BIOGRAF\u00cdALa Maria F\u00e9lix neix el 25 d\u2019agost de 1907 a la vila d\u2019Albelda. (Osca, Espanya) Els seus pares, Ramon i Florentina, es van preocupar de que reb\u00e9s una educaci\u00f3 acurada, cursant el batxillerat com interna al col\u00b7legi de la Companyia de Maria, a Lleida. All\u00ed, amb catorze anys, viu per primera vegada l\u2019experi\u00e8ncia dels Exercicis [&hellip;]<\/p>\n","protected":false},"author":1,"featured_media":0,"parent":0,"menu_order":0,"comment_status":"closed","ping_status":"closed","template":"","meta":{"_et_pb_use_builder":"on","_et_pb_old_content":"","_et_gb_content_width":"","footnotes":""},"class_list":["post-18193","page","type-page","status-publish","hentry"],"yoast_head":"<!-- This site is optimized with the Yoast SEO plugin v26.8 - https:\/\/yoast.com\/product\/yoast-seo-wordpress\/ -->\n<title>BIOGRAF\u00cdA (CATAL\u00c0) - Madre Mar\u00eda F\u00e9lix Torres<\/title>\n<meta name=\"robots\" content=\"index, follow, max-snippet:-1, max-image-preview:large, max-video-preview:-1\" \/>\n<link rel=\"canonical\" href=\"https:\/\/www.mariafelix.org\/pt-br\/biografia-catala\/\" \/>\n<meta property=\"og:locale\" content=\"pt_BR\" \/>\n<meta property=\"og:type\" content=\"article\" \/>\n<meta property=\"og:title\" content=\"BIOGRAF\u00cdA (CATAL\u00c0) - Madre Mar\u00eda F\u00e9lix Torres\" \/>\n<meta property=\"og:description\" content=\"BIOGRAF\u00cdALa Maria F\u00e9lix neix el 25 d\u2019agost de 1907 a la vila d\u2019Albelda. (Osca, Espanya) Els seus pares, Ramon i Florentina, es van preocupar de que reb\u00e9s una educaci\u00f3 acurada, cursant el batxillerat com interna al col\u00b7legi de la Companyia de Maria, a Lleida. All\u00ed, amb catorze anys, viu per primera vegada l\u2019experi\u00e8ncia dels Exercicis [&hellip;]\" \/>\n<meta property=\"og:url\" content=\"https:\/\/www.mariafelix.org\/pt-br\/biografia-catala\/\" \/>\n<meta property=\"og:site_name\" content=\"Madre Mar\u00eda F\u00e9lix Torres\" \/>\n<meta property=\"article:modified_time\" content=\"2023-11-14T12:56:33+00:00\" \/>\n<meta name=\"twitter:card\" content=\"summary_large_image\" \/>\n<script type=\"application\/ld+json\" class=\"yoast-schema-graph\">{\"@context\":\"https:\/\/schema.org\",\"@graph\":[{\"@type\":\"WebPage\",\"@id\":\"https:\/\/www.mariafelix.org\/pt-br\/biografia-catala\/\",\"url\":\"https:\/\/www.mariafelix.org\/pt-br\/biografia-catala\/\",\"name\":\"BIOGRAF\u00cdA (CATAL\u00c0) - Madre Mar\u00eda F\u00e9lix Torres\",\"isPartOf\":{\"@id\":\"https:\/\/www.mariafelix.org\/pt-br\/#website\"},\"datePublished\":\"2023-11-08T19:25:13+00:00\",\"dateModified\":\"2023-11-14T12:56:33+00:00\",\"inLanguage\":\"pt-BR\",\"potentialAction\":[{\"@type\":\"ReadAction\",\"target\":[\"https:\/\/www.mariafelix.org\/pt-br\/biografia-catala\/\"]}]},{\"@type\":\"WebSite\",\"@id\":\"https:\/\/www.mariafelix.org\/pt-br\/#website\",\"url\":\"https:\/\/www.mariafelix.org\/pt-br\/\",\"name\":\"Madre Mar\u00eda F\u00e9lix Torres\",\"description\":\"Madre Mar\u00eda F\u00e9lix Torres\",\"potentialAction\":[{\"@type\":\"SearchAction\",\"target\":{\"@type\":\"EntryPoint\",\"urlTemplate\":\"https:\/\/www.mariafelix.org\/pt-br\/?s={search_term_string}\"},\"query-input\":{\"@type\":\"PropertyValueSpecification\",\"valueRequired\":true,\"valueName\":\"search_term_string\"}}],\"inLanguage\":\"pt-BR\"}]}<\/script>\n<!-- \/ Yoast SEO plugin. -->","yoast_head_json":{"title":"BIOGRAF\u00cdA (CATAL\u00c0) - Madre Mar\u00eda F\u00e9lix Torres","robots":{"index":"index","follow":"follow","max-snippet":"max-snippet:-1","max-image-preview":"max-image-preview:large","max-video-preview":"max-video-preview:-1"},"canonical":"https:\/\/www.mariafelix.org\/pt-br\/biografia-catala\/","og_locale":"pt_BR","og_type":"article","og_title":"BIOGRAF\u00cdA (CATAL\u00c0) - Madre Mar\u00eda F\u00e9lix Torres","og_description":"BIOGRAF\u00cdALa Maria F\u00e9lix neix el 25 d\u2019agost de 1907 a la vila d\u2019Albelda. (Osca, Espanya) Els seus pares, Ramon i Florentina, es van preocupar de que reb\u00e9s una educaci\u00f3 acurada, cursant el batxillerat com interna al col\u00b7legi de la Companyia de Maria, a Lleida. All\u00ed, amb catorze anys, viu per primera vegada l\u2019experi\u00e8ncia dels Exercicis [&hellip;]","og_url":"https:\/\/www.mariafelix.org\/pt-br\/biografia-catala\/","og_site_name":"Madre Mar\u00eda F\u00e9lix Torres","article_modified_time":"2023-11-14T12:56:33+00:00","twitter_card":"summary_large_image","schema":{"@context":"https:\/\/schema.org","@graph":[{"@type":"WebPage","@id":"https:\/\/www.mariafelix.org\/pt-br\/biografia-catala\/","url":"https:\/\/www.mariafelix.org\/pt-br\/biografia-catala\/","name":"BIOGRAF\u00cdA (CATAL\u00c0) - Madre Mar\u00eda F\u00e9lix Torres","isPartOf":{"@id":"https:\/\/www.mariafelix.org\/pt-br\/#website"},"datePublished":"2023-11-08T19:25:13+00:00","dateModified":"2023-11-14T12:56:33+00:00","inLanguage":"pt-BR","potentialAction":[{"@type":"ReadAction","target":["https:\/\/www.mariafelix.org\/pt-br\/biografia-catala\/"]}]},{"@type":"WebSite","@id":"https:\/\/www.mariafelix.org\/pt-br\/#website","url":"https:\/\/www.mariafelix.org\/pt-br\/","name":"Madre Mar\u00eda F\u00e9lix Torres","description":"Madre Mar\u00eda F\u00e9lix Torres","potentialAction":[{"@type":"SearchAction","target":{"@type":"EntryPoint","urlTemplate":"https:\/\/www.mariafelix.org\/pt-br\/?s={search_term_string}"},"query-input":{"@type":"PropertyValueSpecification","valueRequired":true,"valueName":"search_term_string"}}],"inLanguage":"pt-BR"}]}},"_links":{"self":[{"href":"https:\/\/www.mariafelix.org\/pt-br\/wp-json\/wp\/v2\/pages\/18193","targetHints":{"allow":["GET"]}}],"collection":[{"href":"https:\/\/www.mariafelix.org\/pt-br\/wp-json\/wp\/v2\/pages"}],"about":[{"href":"https:\/\/www.mariafelix.org\/pt-br\/wp-json\/wp\/v2\/types\/page"}],"author":[{"embeddable":true,"href":"https:\/\/www.mariafelix.org\/pt-br\/wp-json\/wp\/v2\/users\/1"}],"replies":[{"embeddable":true,"href":"https:\/\/www.mariafelix.org\/pt-br\/wp-json\/wp\/v2\/comments?post=18193"}],"version-history":[{"count":0,"href":"https:\/\/www.mariafelix.org\/pt-br\/wp-json\/wp\/v2\/pages\/18193\/revisions"}],"wp:attachment":[{"href":"https:\/\/www.mariafelix.org\/pt-br\/wp-json\/wp\/v2\/media?parent=18193"}],"curies":[{"name":"wp","href":"https:\/\/api.w.org\/{rel}","templated":true}]}}

BIOGRAFÍA (CATALÀ)

<p>[et_pb_section fb_built=&#8221;1&#8243; fullwidth=&#8221;on&#8221; _builder_version=&#8221;4.22.2&#8243; _module_preset=&#8221;2ce0b7bd-dbb5-4adc-bc83-1100f73502ab&#8221; da_disable_devices=&#8221;off|off|off&#8221; global_colors_info=&#8221;{}&#8221; da_is_popup=&#8221;off&#8221; da_exit_intent=&#8221;off&#8221; da_has_close=&#8221;on&#8221; da_alt_close=&#8221;off&#8221; da_dark_close=&#8221;off&#8221; da_not_modal=&#8221;on&#8221; da_is_singular=&#8221;off&#8221; da_with_loader=&#8221;off&#8221; da_has_shadow=&#8221;on&#8221;][et_pb_fullwidth_slider _builder_version=&#8221;4.23.1&#8243; _module_preset=&#8221;9587e0c8-d8ae-4497-80de-dc6ac7c71289&#8243; global_colors_info=&#8221;{}&#8221;][et_pb_slide _builder_version=&#8221;4.23.1&#8243; _module_preset=&#8221;default&#8221; background_image=&#8221;https://www.mariafelix.org/wp-content/uploads/2023/11/image-14.jpeg&#8221; background_enable_image=&#8221;on&#8221; global_colors_info=&#8221;{}&#8221; sticky_transition=&#8221;on&#8221;][/et_pb_slide][/et_pb_fullwidth_slider][/et_pb_section][et_pb_section fb_built=&#8221;1&#8243; _builder_version=&#8221;4.22.2&#8243; _module_preset=&#8221;c3571faf-1673-4b9f-bf46-f8250e9a3f6a&#8221; da_disable_devices=&#8221;off|off|off&#8221; global_colors_info=&#8221;{}&#8221; da_is_popup=&#8221;off&#8221; da_exit_intent=&#8221;off&#8221; da_has_close=&#8221;on&#8221; da_alt_close=&#8221;off&#8221; da_dark_close=&#8221;off&#8221; da_not_modal=&#8221;on&#8221; da_is_singular=&#8221;off&#8221; da_with_loader=&#8221;off&#8221; da_has_shadow=&#8221;on&#8221;][et_pb_row column_structure=&#8221;1_4,3_4&#8243; _builder_version=&#8221;4.22.2&#8243; _module_preset=&#8221;0b5ba106-5785-489f-ba7b-9fa41143096f&#8221; global_colors_info=&#8221;{}&#8221;][et_pb_column type=&#8221;1_4&#8243; _builder_version=&#8221;4.22.2&#8243; _module_preset=&#8221;824ebbaf-e3b5-4405-acb8-3b2fd9286d17&#8243; global_colors_info=&#8221;{}&#8221;][et_pb_text _builder_version=&#8221;4.23.1&#8243; _module_preset=&#8221;ecb607dd-d36f-4b0d-a6f8-239bd01a7812&#8243; background_color=&#8221;#821b33&#8243; hover_enabled=&#8221;0&#8243; global_colors_info=&#8221;{}&#8221; sticky_enabled=&#8221;0&#8243;]BIOGRAFÍA[/et_pb_text][et_pb_image src=&#8221;https://www.mariafelix.org/wp-content/uploads/2023/11/image-2.png&#8221; title_text=&#8221;image&#8221; _builder_version=&#8221;4.23.1&#8243; _module_preset=&#8221;78b8f189-3fc7-40bb-b902-2ab30819502b&#8221; global_colors_info=&#8221;{}&#8221;][/et_pb_image][/et_pb_column][et_pb_column type=&#8221;3_4&#8243; _builder_version=&#8221;4.22.2&#8243; _module_preset=&#8221;fec2c85f-4b95-4256-bb6d-4b28d4ff7161&#8243; global_colors_info=&#8221;{}&#8221;][et_pb_text _builder_version=&#8221;4.23.1&#8243; _module_preset=&#8221;20504ce9-00fc-4f70-97e5-cb8f521d8155&#8243; hover_enabled=&#8221;0&#8243; global_colors_info=&#8221;{}&#8221; sticky_enabled=&#8221;0&#8243;]</p>
<p>La Maria Félix neix el 25 d’agost de 1907 a la vila d’Albelda. (Osca, Espanya)</p>
<p>Els seus pares, Ramon i Florentina, es van preocupar de que rebés una educació acurada, cursant el batxillerat com interna al col·legi de la Companyia de Maria, a Lleida. Allí, amb catorze anys, viu per primera vegada l’experiència dels Exercicis Espirituals de Sant Ignasi de Loiola. Sent molt intensament l’amor i la crida del Senyor i la seva resposta – segons llegim en el seu diari – no pot ser més clara i decidida:<strong> “Sóc seva plena i conscientment per sempre”.</strong></p>
<p>Degut a l’oposició dels seus pares a la vocació religiosa, comença els estudis universitaris i <strong>obté, l’any 1930, la llicenciatura en Ciències Químiques a la Universitat de Saragossa</strong>. Sap que Déu la vol seva, però ni on ni com es realitzarà la seva vocació. El seu desig, mentre s’aclareix la voluntat de Déu sobre ella, es dedicar-se a l’apostolat entre les joves estudiants. El dia 15 d’agost de 1934, amb la seva primera companya, Carmen Aige, fa un vot privat de gastar la seva vida en profit de les ànimes i del servei de l’Església. <strong>La major gloria de Déu, seguint a Crist i unida a Ell, es converteix en la raó de la seva existència.</strong></p>
<p>Poc a poc, es van unint a ella altres joves universitàries. A Barcelona, l’any 1940, reben el permís per viure en comunitat i, l’any 1952, son rebudes per l’Església com a Congregació Religiosa de Dret Diocesà.<strong> L’any 1986, la Companyia del Salvador va ser aprovada per la Santa Seu com a Institut de Dret Pontifici.</strong></p>
<p>Durant 18 anys, la Mare Maria Félix Torres serveix a les seves germanes com a Superiora General. Déu li va assignar dins la seva Església la parcel·la de l’educació cristiana de la joventut, sobretot universitària. Amb aquest fi <strong>obre a Espanya i a Amèrica els Col·legis Mater Salvatoris</strong>, que transmeten el carisma que el Senyor li va concedir: adhesió al Papa, amor tendre a la Mare de Déu i fer dels joves permanent ferment evangèlic en la societat, per portar-la a Jesucrist.</p>
<p>Fins la seva mort el 12 de gener de 2001, a la Curia General, a Madrid, la Mare Maria Félix <strong>és amb tota veritat ‘’ànima i mare” de la Congregació, tot i portant una vida tan discreta que ben pocs sabien que era la Fundadora.</strong> Desprès de la seva mort, s’han anat multiplicant els testimonis de persones que recorden les coses extraordinàries de la seva vida, s’encomanen a ella en les seves oracions i atribueixen favors a la seva intercessió. La causa de canonització de la Serventa de Déu es va introduir a Madrid el 2009. <strong>El 10 de juliol de 2020, el Papa Francesc va autoritzar a la Congregació de les Causes dels Sants a promulgar el decret de virtuts heroiques, declarant-la Venerable.</strong></p>
<p>A partir d’aquest moment, la nostra Mare Església confirma que s’ha vist en ella un exercici extraordinari de totes les virtuts cristianes. Amb l’estudi i l’aprovació d’un miracle obtingut per la seva intercessió, la Mare María Félix es pot declarar Beata i un segon miracle obrirà el camí per a la seva canonització.</p>
<p>[/et_pb_text][/et_pb_column][/et_pb_row][/et_pb_section]</p>

<p>BIOGRAFÍALa Maria Félix neix el 25 d’agost de 1907 a la vila d’Albelda. (Osca, Espanya) Els seus pares, Ramon i Florentina, es van preocupar de que rebés una educació acurada, cursant el batxillerat com interna al col·legi de la Companyia de Maria, a Lleida. Allí, amb catorze anys, viu per primera vegada l’experiència dels Exercicis [&hellip;]</p>

<!-- This site is optimized with the Yoast SEO plugin v26.8 - https://yoast.com/product/yoast-seo-wordpress/ -->
<title>BIOGRAFÍA (CATALÀ) - Madre María Félix Torres</title>
<meta name="robots" content="index, follow, max-snippet:-1, max-image-preview:large, max-video-preview:-1" />
<link rel="canonical" href="https://www.mariafelix.org/pt-br/biografia-catala/" />
<meta property="og:locale" content="pt_BR" />
<meta property="og:type" content="article" />
<meta property="og:title" content="BIOGRAFÍA (CATALÀ) - Madre María Félix Torres" />
<meta property="og:description" content="BIOGRAFÍALa Maria Félix neix el 25 d’agost de 1907 a la vila d’Albelda. (Osca, Espanya) Els seus pares, Ramon i Florentina, es van preocupar de que rebés una educació acurada, cursant el batxillerat com interna al col·legi de la Companyia de Maria, a Lleida. Allí, amb catorze anys, viu per primera vegada l’experiència dels Exercicis [&hellip;]" />
<meta property="og:url" content="https://www.mariafelix.org/pt-br/biografia-catala/" />
<meta property="og:site_name" content="Madre María Félix Torres" />
<meta property="article:modified_time" content="2023-11-14T12:56:33+00:00" />
<meta name="twitter:card" content="summary_large_image" />
<script type="application/ld+json" class="yoast-schema-graph">{"@context":"https://schema.org","@graph":[{"@type":"WebPage","@id":"https://www.mariafelix.org/pt-br/biografia-catala/","url":"https://www.mariafelix.org/pt-br/biografia-catala/","name":"BIOGRAFÍA (CATALÀ) - Madre María Félix Torres","isPartOf":{"@id":"https://www.mariafelix.org/pt-br/#website"},"datePublished":"2023-11-08T19:25:13+00:00","dateModified":"2023-11-14T12:56:33+00:00","inLanguage":"pt-BR","potentialAction":[{"@type":"ReadAction","target":["https://www.mariafelix.org/pt-br/biografia-catala/"]}]},{"@type":"WebSite","@id":"https://www.mariafelix.org/pt-br/#website","url":"https://www.mariafelix.org/pt-br/","name":"Madre María Félix Torres","description":"Madre María Félix Torres","potentialAction":[{"@type":"SearchAction","target":{"@type":"EntryPoint","urlTemplate":"https://www.mariafelix.org/pt-br/?s={search_term_string}"},"query-input":{"@type":"PropertyValueSpecification","valueRequired":true,"valueName":"search_term_string"}}],"inLanguage":"pt-BR"}]}</script>
<!-- / Yoast SEO plugin. -->

BIOGRAFÍA (CATALÀ) - Madre María Félix Torres

BIOGRAFÍALa Maria Félix neix el 25 d’agost de 1907 a la vila d’Albelda. (Osca, Espanya) Els seus pares, Ramon i Florentina, es van preocupar de que rebés una educació acurada, cursant el batxillerat com interna al col·legi de la Companyia de Maria, a Lleida. Allí, amb catorze anys, viu per primera vegada l’experiència dels Exercicis [&hellip;]

Madre María Félix Torres
