{"id":18196,"date":"2023-11-08T20:19:42","date_gmt":"2023-11-08T19:19:42","guid":{"rendered":"https:\/\/www.mariafelix.org\/lebensgesichte-deutsch\/"},"modified":"2023-11-14T13:55:15","modified_gmt":"2023-11-14T12:55:15","slug":"lebensgesichte-deutsch","status":"publish","type":"page","link":"https:\/\/www.mariafelix.org\/pt-br\/lebensgesichte-deutsch\/","title":{"rendered":"LEBENSGESICHTE (DEUTSCH)"},"content":{"rendered":"<p>[et_pb_section fb_built=&#8221;1&#8243; fullwidth=&#8221;on&#8221; _builder_version=&#8221;4.22.2&#8243; _module_preset=&#8221;2ce0b7bd-dbb5-4adc-bc83-1100f73502ab&#8221; da_disable_devices=&#8221;off|off|off&#8221; global_colors_info=&#8221;{}&#8221; da_is_popup=&#8221;off&#8221; da_exit_intent=&#8221;off&#8221; da_has_close=&#8221;on&#8221; da_alt_close=&#8221;off&#8221; da_dark_close=&#8221;off&#8221; da_not_modal=&#8221;on&#8221; da_is_singular=&#8221;off&#8221; da_with_loader=&#8221;off&#8221; da_has_shadow=&#8221;on&#8221;][et_pb_fullwidth_slider _builder_version=&#8221;4.23.1&#8243; _module_preset=&#8221;9587e0c8-d8ae-4497-80de-dc6ac7c71289&#8243; global_colors_info=&#8221;{}&#8221;][et_pb_slide _builder_version=&#8221;4.23.1&#8243; _module_preset=&#8221;default&#8221; background_image=&#8221;https:\/\/www.mariafelix.org\/wp-content\/uploads\/2023\/11\/image-12.jpeg&#8221; background_enable_image=&#8221;on&#8221; global_colors_info=&#8221;{}&#8221; sticky_transition=&#8221;on&#8221;][\/et_pb_slide][\/et_pb_fullwidth_slider][\/et_pb_section][et_pb_section fb_built=&#8221;1&#8243; _builder_version=&#8221;4.22.2&#8243; _module_preset=&#8221;c3571faf-1673-4b9f-bf46-f8250e9a3f6a&#8221; da_disable_devices=&#8221;off|off|off&#8221; global_colors_info=&#8221;{}&#8221; da_is_popup=&#8221;off&#8221; da_exit_intent=&#8221;off&#8221; da_has_close=&#8221;on&#8221; da_alt_close=&#8221;off&#8221; da_dark_close=&#8221;off&#8221; da_not_modal=&#8221;on&#8221; da_is_singular=&#8221;off&#8221; da_with_loader=&#8221;off&#8221; da_has_shadow=&#8221;on&#8221;][et_pb_row column_structure=&#8221;1_4,3_4&#8243; _builder_version=&#8221;4.22.2&#8243; _module_preset=&#8221;0b5ba106-5785-489f-ba7b-9fa41143096f&#8221; global_colors_info=&#8221;{}&#8221;][et_pb_column type=&#8221;1_4&#8243; _builder_version=&#8221;4.22.2&#8243; _module_preset=&#8221;824ebbaf-e3b5-4405-acb8-3b2fd9286d17&#8243; global_colors_info=&#8221;{}&#8221;][et_pb_text module_class=&#8221;tipo-peque tituloPaginaVerde&#8221; _builder_version=&#8221;4.23.1&#8243; _module_preset=&#8221;ecb607dd-d36f-4b0d-a6f8-239bd01a7812&#8243; background_color=&#8221;#821b33&#8243; hover_enabled=&#8221;0&#8243; global_colors_info=&#8221;{}&#8221; sticky_enabled=&#8221;0&#8243;]LEBENS-GESCHICHTE[\/et_pb_text][et_pb_image src=&#8221;https:\/\/www.mariafelix.org\/wp-content\/uploads\/2023\/11\/image-2.png&#8221; title_text=&#8221;image&#8221; _builder_version=&#8221;4.23.1&#8243; _module_preset=&#8221;78b8f189-3fc7-40bb-b902-2ab30819502b&#8221; global_colors_info=&#8221;{}&#8221;][\/et_pb_image][\/et_pb_column][et_pb_column type=&#8221;3_4&#8243; _builder_version=&#8221;4.22.2&#8243; _module_preset=&#8221;fec2c85f-4b95-4256-bb6d-4b28d4ff7161&#8243; global_colors_info=&#8221;{}&#8221;][et_pb_text _builder_version=&#8221;4.23.1&#8243; _module_preset=&#8221;20504ce9-00fc-4f70-97e5-cb8f521d8155&#8243; global_colors_info=&#8221;{}&#8221;]<\/p>\n<p>Maria Felix wurde am 25. August 1907 in Albelda in der Provinz Huesca (Spanien) geboren.<\/p>\n<p>Ihre Eltern, Don Ramon und Do\u00f1a Florentina, wollten ihrer Tochter eine sorgf\u00e4ltige Ausbildung vermitteln, wof\u00fcr sie sie zuerst in die Internatsschule der Gesellschaft Marias in Lerida sandten. Mit 14 Jahren erlebte sie dort geistliche Exerzitien vom Hl. Ignatius von Loyola. Sie sp\u00fcrt dort eine starke Liebe zu Gott und eine Berufung, deren Ausdruck \u2013 wie wir in ihrem Tagebuch lesen k\u00f6nnen \u2013 nicht klarer und entschiedener sein k\u00f6nnte:\u00a0 <strong>Ich bin voll und bewusst Sein f\u00fcr immer.<\/strong><\/p>\n<p>Der Widerstand ihrer Eltern gegen diese religi\u00f6se Berufung f\u00fchrt zum Universit\u00e4tsstudium und <strong>1930 zu ihrer Graduierung in Chemiewissenschaften an der Universit\u00e4t Zaragoza<\/strong>. Sie weiss, dass Gott sie ruft, aber das Wo und Wie dieser Berufung ist ihr unbekannt. Bis sich Gottes Wille zu erkennen gibt, will Maria Felix sich der Seelsorge der jungen Studenten widmen. Am 15. August 1934 macht sie in Gemeinschaft mit der Gleichgesinnten Carmen Aige\u00a0 ein privates Gel\u00fcbde, in dem sie ihr Leben dem Seelenheil der Menschen und dem Dienst an der Kirche widmet.\u00a0 <strong>Der Ruhm Gottes, im Gefolge Christi, und vereint mit ihm wird zu ihrem einzigen Existenzgrund.\u00a0\u00a0\u00a0 <\/strong><\/p>\n<p>Nach und nach folgen ihr weitere junge Studentinnen. Im Jahr 1940 erhalten sie in Barcelona die Erlaubnis, in Gemeinschaft zu leben. 1952 werden sie von der Kirche als religi\u00f6se Ordensgemeinschaft des Dioezesansrechts empfangen.<strong> Im Jahr 1986 wurde die Gesellschaft des Erl\u00f6sers (Compa\u00f1\u00eda del Salvador) als Institut des P\u00e4pstlichen Rechts best\u00e4tigt.<\/strong><\/p>\n<p>Mater Maria Felix dient ihren Schwestern 18 Jahre lang als\u00a0 Generaloberin. Gott hat ihr die Aufgabe der christlichen Erziehung der Jugend, im Besonderen der Universit\u00e4tsstudenten, zugewiesen. Zu diesem Zweck gr\u00fcndet <strong>sie eine Reihe Mater Salvatoris Schulen in Spanien und America<\/strong>, die das von Gott gew\u00e4hrten Charisma vermitteln sollen:\u00a0 Gehorsam gegen\u00fcber dem Papst, die Verehrung der Heiligen Jungfrau und das Ziel, die Gesellschaft durch\u00a0 ein st\u00e4ndiges evangelisches Ferment in der Jugend zu Christus zu f\u00fchren.<\/p>\n<p>Bis zu ihrem Tod am 12. Januar 2001 ist Mater Maria Felix in Wahrheit <strong>\u201cSeele und Mutter\u201d der Kongregation, obwohl auf Grund ihres diskreten Lebens, nur wenige wussten, dass sie die Gr\u00fcnderin der Kongregation war. <\/strong>Nach ihrem Tod bekunden eine grosse Zahl von Personen ihr au\u00dfergew\u00f6hnliches Leben, stellen sich unter ihren Schutz in Gebeten und schreiben ihrer F\u00fcrsprache bei Gott Gunst Bezeugungen zu.\u00a0 <strong>Der Kanonisierungsprozess wurde 2009 in Madrid eingeleitet und befindet sich zur Zeit in ihrer Rom-Phase.<\/strong><\/p>\n<p>[\/et_pb_text][\/et_pb_column][\/et_pb_row][\/et_pb_section]<\/p>\n","protected":false},"excerpt":{"rendered":"<p>LEBENS-GESCHICHTEMaria Felix wurde am 25. August 1907 in Albelda in der Provinz Huesca (Spanien) geboren. Ihre Eltern, Don Ramon und Do\u00f1a Florentina, wollten ihrer Tochter eine sorgf\u00e4ltige Ausbildung vermitteln, wof\u00fcr sie sie zuerst in die Internatsschule der Gesellschaft Marias in Lerida sandten. Mit 14 Jahren erlebte sie dort geistliche Exerzitien vom Hl. Ignatius von Loyola. [&hellip;]<\/p>\n","protected":false},"author":1,"featured_media":0,"parent":0,"menu_order":0,"comment_status":"closed","ping_status":"closed","template":"","meta":{"_et_pb_use_builder":"on","_et_pb_old_content":"","_et_gb_content_width":"","footnotes":""},"class_list":["post-18196","page","type-page","status-publish","hentry"],"yoast_head":"<!-- This site is optimized with the Yoast SEO plugin v26.8 - https:\/\/yoast.com\/product\/yoast-seo-wordpress\/ -->\n<title>LEBENSGESICHTE (DEUTSCH) - Madre Mar\u00eda F\u00e9lix Torres<\/title>\n<meta name=\"robots\" content=\"index, follow, max-snippet:-1, max-image-preview:large, max-video-preview:-1\" \/>\n<link rel=\"canonical\" href=\"https:\/\/www.mariafelix.org\/pt-br\/lebensgesichte-deutsch\/\" \/>\n<meta property=\"og:locale\" content=\"pt_BR\" \/>\n<meta property=\"og:type\" content=\"article\" \/>\n<meta property=\"og:title\" content=\"LEBENSGESICHTE (DEUTSCH) - Madre Mar\u00eda F\u00e9lix Torres\" \/>\n<meta property=\"og:description\" content=\"LEBENS-GESCHICHTEMaria Felix wurde am 25. August 1907 in Albelda in der Provinz Huesca (Spanien) geboren. Ihre Eltern, Don Ramon und Do\u00f1a Florentina, wollten ihrer Tochter eine sorgf\u00e4ltige Ausbildung vermitteln, wof\u00fcr sie sie zuerst in die Internatsschule der Gesellschaft Marias in Lerida sandten. Mit 14 Jahren erlebte sie dort geistliche Exerzitien vom Hl. Ignatius von Loyola. [&hellip;]\" \/>\n<meta property=\"og:url\" content=\"https:\/\/www.mariafelix.org\/pt-br\/lebensgesichte-deutsch\/\" \/>\n<meta property=\"og:site_name\" content=\"Madre Mar\u00eda F\u00e9lix Torres\" \/>\n<meta property=\"article:modified_time\" content=\"2023-11-14T12:55:15+00:00\" \/>\n<meta name=\"twitter:card\" content=\"summary_large_image\" \/>\n<script type=\"application\/ld+json\" class=\"yoast-schema-graph\">{\"@context\":\"https:\/\/schema.org\",\"@graph\":[{\"@type\":\"WebPage\",\"@id\":\"https:\/\/www.mariafelix.org\/pt-br\/lebensgesichte-deutsch\/\",\"url\":\"https:\/\/www.mariafelix.org\/pt-br\/lebensgesichte-deutsch\/\",\"name\":\"LEBENSGESICHTE (DEUTSCH) - Madre Mar\u00eda F\u00e9lix Torres\",\"isPartOf\":{\"@id\":\"https:\/\/www.mariafelix.org\/pt-br\/#website\"},\"datePublished\":\"2023-11-08T19:19:42+00:00\",\"dateModified\":\"2023-11-14T12:55:15+00:00\",\"inLanguage\":\"pt-BR\",\"potentialAction\":[{\"@type\":\"ReadAction\",\"target\":[\"https:\/\/www.mariafelix.org\/pt-br\/lebensgesichte-deutsch\/\"]}]},{\"@type\":\"WebSite\",\"@id\":\"https:\/\/www.mariafelix.org\/pt-br\/#website\",\"url\":\"https:\/\/www.mariafelix.org\/pt-br\/\",\"name\":\"Madre Mar\u00eda F\u00e9lix Torres\",\"description\":\"Madre Mar\u00eda F\u00e9lix Torres\",\"potentialAction\":[{\"@type\":\"SearchAction\",\"target\":{\"@type\":\"EntryPoint\",\"urlTemplate\":\"https:\/\/www.mariafelix.org\/pt-br\/?s={search_term_string}\"},\"query-input\":{\"@type\":\"PropertyValueSpecification\",\"valueRequired\":true,\"valueName\":\"search_term_string\"}}],\"inLanguage\":\"pt-BR\"}]}<\/script>\n<!-- \/ Yoast SEO plugin. -->","yoast_head_json":{"title":"LEBENSGESICHTE (DEUTSCH) - Madre Mar\u00eda F\u00e9lix Torres","robots":{"index":"index","follow":"follow","max-snippet":"max-snippet:-1","max-image-preview":"max-image-preview:large","max-video-preview":"max-video-preview:-1"},"canonical":"https:\/\/www.mariafelix.org\/pt-br\/lebensgesichte-deutsch\/","og_locale":"pt_BR","og_type":"article","og_title":"LEBENSGESICHTE (DEUTSCH) - Madre Mar\u00eda F\u00e9lix Torres","og_description":"LEBENS-GESCHICHTEMaria Felix wurde am 25. August 1907 in Albelda in der Provinz Huesca (Spanien) geboren. Ihre Eltern, Don Ramon und Do\u00f1a Florentina, wollten ihrer Tochter eine sorgf\u00e4ltige Ausbildung vermitteln, wof\u00fcr sie sie zuerst in die Internatsschule der Gesellschaft Marias in Lerida sandten. Mit 14 Jahren erlebte sie dort geistliche Exerzitien vom Hl. Ignatius von Loyola. [&hellip;]","og_url":"https:\/\/www.mariafelix.org\/pt-br\/lebensgesichte-deutsch\/","og_site_name":"Madre Mar\u00eda F\u00e9lix Torres","article_modified_time":"2023-11-14T12:55:15+00:00","twitter_card":"summary_large_image","schema":{"@context":"https:\/\/schema.org","@graph":[{"@type":"WebPage","@id":"https:\/\/www.mariafelix.org\/pt-br\/lebensgesichte-deutsch\/","url":"https:\/\/www.mariafelix.org\/pt-br\/lebensgesichte-deutsch\/","name":"LEBENSGESICHTE (DEUTSCH) - Madre Mar\u00eda F\u00e9lix Torres","isPartOf":{"@id":"https:\/\/www.mariafelix.org\/pt-br\/#website"},"datePublished":"2023-11-08T19:19:42+00:00","dateModified":"2023-11-14T12:55:15+00:00","inLanguage":"pt-BR","potentialAction":[{"@type":"ReadAction","target":["https:\/\/www.mariafelix.org\/pt-br\/lebensgesichte-deutsch\/"]}]},{"@type":"WebSite","@id":"https:\/\/www.mariafelix.org\/pt-br\/#website","url":"https:\/\/www.mariafelix.org\/pt-br\/","name":"Madre Mar\u00eda F\u00e9lix Torres","description":"Madre Mar\u00eda F\u00e9lix Torres","potentialAction":[{"@type":"SearchAction","target":{"@type":"EntryPoint","urlTemplate":"https:\/\/www.mariafelix.org\/pt-br\/?s={search_term_string}"},"query-input":{"@type":"PropertyValueSpecification","valueRequired":true,"valueName":"search_term_string"}}],"inLanguage":"pt-BR"}]}},"_links":{"self":[{"href":"https:\/\/www.mariafelix.org\/pt-br\/wp-json\/wp\/v2\/pages\/18196","targetHints":{"allow":["GET"]}}],"collection":[{"href":"https:\/\/www.mariafelix.org\/pt-br\/wp-json\/wp\/v2\/pages"}],"about":[{"href":"https:\/\/www.mariafelix.org\/pt-br\/wp-json\/wp\/v2\/types\/page"}],"author":[{"embeddable":true,"href":"https:\/\/www.mariafelix.org\/pt-br\/wp-json\/wp\/v2\/users\/1"}],"replies":[{"embeddable":true,"href":"https:\/\/www.mariafelix.org\/pt-br\/wp-json\/wp\/v2\/comments?post=18196"}],"version-history":[{"count":1,"href":"https:\/\/www.mariafelix.org\/pt-br\/wp-json\/wp\/v2\/pages\/18196\/revisions"}],"predecessor-version":[{"id":18419,"href":"https:\/\/www.mariafelix.org\/pt-br\/wp-json\/wp\/v2\/pages\/18196\/revisions\/18419"}],"wp:attachment":[{"href":"https:\/\/www.mariafelix.org\/pt-br\/wp-json\/wp\/v2\/media?parent=18196"}],"curies":[{"name":"wp","href":"https:\/\/api.w.org\/{rel}","templated":true}]}}

<p>[et_pb_section fb_built=&#8221;1&#8243; fullwidth=&#8221;on&#8221; _builder_version=&#8221;4.22.2&#8243; _module_preset=&#8221;2ce0b7bd-dbb5-4adc-bc83-1100f73502ab&#8221; da_disable_devices=&#8221;off|off|off&#8221; global_colors_info=&#8221;{}&#8221; da_is_popup=&#8221;off&#8221; da_exit_intent=&#8221;off&#8221; da_has_close=&#8221;on&#8221; da_alt_close=&#8221;off&#8221; da_dark_close=&#8221;off&#8221; da_not_modal=&#8221;on&#8221; da_is_singular=&#8221;off&#8221; da_with_loader=&#8221;off&#8221; da_has_shadow=&#8221;on&#8221;][et_pb_fullwidth_slider _builder_version=&#8221;4.23.1&#8243; _module_preset=&#8221;9587e0c8-d8ae-4497-80de-dc6ac7c71289&#8243; global_colors_info=&#8221;{}&#8221;][et_pb_slide _builder_version=&#8221;4.23.1&#8243; _module_preset=&#8221;default&#8221; background_image=&#8221;https://www.mariafelix.org/wp-content/uploads/2023/11/image-12.jpeg&#8221; background_enable_image=&#8221;on&#8221; global_colors_info=&#8221;{}&#8221; sticky_transition=&#8221;on&#8221;][/et_pb_slide][/et_pb_fullwidth_slider][/et_pb_section][et_pb_section fb_built=&#8221;1&#8243; _builder_version=&#8221;4.22.2&#8243; _module_preset=&#8221;c3571faf-1673-4b9f-bf46-f8250e9a3f6a&#8221; da_disable_devices=&#8221;off|off|off&#8221; global_colors_info=&#8221;{}&#8221; da_is_popup=&#8221;off&#8221; da_exit_intent=&#8221;off&#8221; da_has_close=&#8221;on&#8221; da_alt_close=&#8221;off&#8221; da_dark_close=&#8221;off&#8221; da_not_modal=&#8221;on&#8221; da_is_singular=&#8221;off&#8221; da_with_loader=&#8221;off&#8221; da_has_shadow=&#8221;on&#8221;][et_pb_row column_structure=&#8221;1_4,3_4&#8243; _builder_version=&#8221;4.22.2&#8243; _module_preset=&#8221;0b5ba106-5785-489f-ba7b-9fa41143096f&#8221; global_colors_info=&#8221;{}&#8221;][et_pb_column type=&#8221;1_4&#8243; _builder_version=&#8221;4.22.2&#8243; _module_preset=&#8221;824ebbaf-e3b5-4405-acb8-3b2fd9286d17&#8243; global_colors_info=&#8221;{}&#8221;][et_pb_text module_class=&#8221;tipo-peque tituloPaginaVerde&#8221; _builder_version=&#8221;4.23.1&#8243; _module_preset=&#8221;ecb607dd-d36f-4b0d-a6f8-239bd01a7812&#8243; background_color=&#8221;#821b33&#8243; hover_enabled=&#8221;0&#8243; global_colors_info=&#8221;{}&#8221; sticky_enabled=&#8221;0&#8243;]LEBENS-GESCHICHTE[/et_pb_text][et_pb_image src=&#8221;https://www.mariafelix.org/wp-content/uploads/2023/11/image-2.png&#8221; title_text=&#8221;image&#8221; _builder_version=&#8221;4.23.1&#8243; _module_preset=&#8221;78b8f189-3fc7-40bb-b902-2ab30819502b&#8221; global_colors_info=&#8221;{}&#8221;][/et_pb_image][/et_pb_column][et_pb_column type=&#8221;3_4&#8243; _builder_version=&#8221;4.22.2&#8243; _module_preset=&#8221;fec2c85f-4b95-4256-bb6d-4b28d4ff7161&#8243; global_colors_info=&#8221;{}&#8221;][et_pb_text _builder_version=&#8221;4.23.1&#8243; _module_preset=&#8221;20504ce9-00fc-4f70-97e5-cb8f521d8155&#8243; global_colors_info=&#8221;{}&#8221;]</p>
<p>Maria Felix wurde am 25. August 1907 in Albelda in der Provinz Huesca (Spanien) geboren.</p>
<p>Ihre Eltern, Don Ramon und Doña Florentina, wollten ihrer Tochter eine sorgfältige Ausbildung vermitteln, wofür sie sie zuerst in die Internatsschule der Gesellschaft Marias in Lerida sandten. Mit 14 Jahren erlebte sie dort geistliche Exerzitien vom Hl. Ignatius von Loyola. Sie spürt dort eine starke Liebe zu Gott und eine Berufung, deren Ausdruck – wie wir in ihrem Tagebuch lesen können – nicht klarer und entschiedener sein könnte:  <strong>Ich bin voll und bewusst Sein für immer.</strong></p>
<p>Der Widerstand ihrer Eltern gegen diese religiöse Berufung führt zum Universitätsstudium und <strong>1930 zu ihrer Graduierung in Chemiewissenschaften an der Universität Zaragoza</strong>. Sie weiss, dass Gott sie ruft, aber das Wo und Wie dieser Berufung ist ihr unbekannt. Bis sich Gottes Wille zu erkennen gibt, will Maria Felix sich der Seelsorge der jungen Studenten widmen. Am 15. August 1934 macht sie in Gemeinschaft mit der Gleichgesinnten Carmen Aige  ein privates Gelübde, in dem sie ihr Leben dem Seelenheil der Menschen und dem Dienst an der Kirche widmet.  <strong>Der Ruhm Gottes, im Gefolge Christi, und vereint mit ihm wird zu ihrem einzigen Existenzgrund.    </strong></p>
<p>Nach und nach folgen ihr weitere junge Studentinnen. Im Jahr 1940 erhalten sie in Barcelona die Erlaubnis, in Gemeinschaft zu leben. 1952 werden sie von der Kirche als religiöse Ordensgemeinschaft des Dioezesansrechts empfangen.<strong> Im Jahr 1986 wurde die Gesellschaft des Erlösers (Compañía del Salvador) als Institut des Päpstlichen Rechts bestätigt.</strong></p>
<p>Mater Maria Felix dient ihren Schwestern 18 Jahre lang als  Generaloberin. Gott hat ihr die Aufgabe der christlichen Erziehung der Jugend, im Besonderen der Universitätsstudenten, zugewiesen. Zu diesem Zweck gründet <strong>sie eine Reihe Mater Salvatoris Schulen in Spanien und America</strong>, die das von Gott gewährten Charisma vermitteln sollen:  Gehorsam gegenüber dem Papst, die Verehrung der Heiligen Jungfrau und das Ziel, die Gesellschaft durch  ein ständiges evangelisches Ferment in der Jugend zu Christus zu führen.</p>
<p>Bis zu ihrem Tod am 12. Januar 2001 ist Mater Maria Felix in Wahrheit <strong>“Seele und Mutter” der Kongregation, obwohl auf Grund ihres diskreten Lebens, nur wenige wussten, dass sie die Gründerin der Kongregation war. </strong>Nach ihrem Tod bekunden eine grosse Zahl von Personen ihr außergewöhnliches Leben, stellen sich unter ihren Schutz in Gebeten und schreiben ihrer Fürsprache bei Gott Gunst Bezeugungen zu.  <strong>Der Kanonisierungsprozess wurde 2009 in Madrid eingeleitet und befindet sich zur Zeit in ihrer Rom-Phase.</strong></p>
<p>[/et_pb_text][/et_pb_column][/et_pb_row][/et_pb_section]</p>

<p>LEBENS-GESCHICHTEMaria Felix wurde am 25. August 1907 in Albelda in der Provinz Huesca (Spanien) geboren. Ihre Eltern, Don Ramon und Doña Florentina, wollten ihrer Tochter eine sorgfältige Ausbildung vermitteln, wofür sie sie zuerst in die Internatsschule der Gesellschaft Marias in Lerida sandten. Mit 14 Jahren erlebte sie dort geistliche Exerzitien vom Hl. Ignatius von Loyola. [&hellip;]</p>

<!-- This site is optimized with the Yoast SEO plugin v26.8 - https://yoast.com/product/yoast-seo-wordpress/ -->
<title>LEBENSGESICHTE (DEUTSCH) - Madre María Félix Torres</title>
<meta name="robots" content="index, follow, max-snippet:-1, max-image-preview:large, max-video-preview:-1" />
<link rel="canonical" href="https://www.mariafelix.org/pt-br/lebensgesichte-deutsch/" />
<meta property="og:locale" content="pt_BR" />
<meta property="og:type" content="article" />
<meta property="og:title" content="LEBENSGESICHTE (DEUTSCH) - Madre María Félix Torres" />
<meta property="og:description" content="LEBENS-GESCHICHTEMaria Felix wurde am 25. August 1907 in Albelda in der Provinz Huesca (Spanien) geboren. Ihre Eltern, Don Ramon und Doña Florentina, wollten ihrer Tochter eine sorgfältige Ausbildung vermitteln, wofür sie sie zuerst in die Internatsschule der Gesellschaft Marias in Lerida sandten. Mit 14 Jahren erlebte sie dort geistliche Exerzitien vom Hl. Ignatius von Loyola. [&hellip;]" />
<meta property="og:url" content="https://www.mariafelix.org/pt-br/lebensgesichte-deutsch/" />
<meta property="og:site_name" content="Madre María Félix Torres" />
<meta property="article:modified_time" content="2023-11-14T12:55:15+00:00" />
<meta name="twitter:card" content="summary_large_image" />
<script type="application/ld+json" class="yoast-schema-graph">{"@context":"https://schema.org","@graph":[{"@type":"WebPage","@id":"https://www.mariafelix.org/pt-br/lebensgesichte-deutsch/","url":"https://www.mariafelix.org/pt-br/lebensgesichte-deutsch/","name":"LEBENSGESICHTE (DEUTSCH) - Madre María Félix Torres","isPartOf":{"@id":"https://www.mariafelix.org/pt-br/#website"},"datePublished":"2023-11-08T19:19:42+00:00","dateModified":"2023-11-14T12:55:15+00:00","inLanguage":"pt-BR","potentialAction":[{"@type":"ReadAction","target":["https://www.mariafelix.org/pt-br/lebensgesichte-deutsch/"]}]},{"@type":"WebSite","@id":"https://www.mariafelix.org/pt-br/#website","url":"https://www.mariafelix.org/pt-br/","name":"Madre María Félix Torres","description":"Madre María Félix Torres","potentialAction":[{"@type":"SearchAction","target":{"@type":"EntryPoint","urlTemplate":"https://www.mariafelix.org/pt-br/?s={search_term_string}"},"query-input":{"@type":"PropertyValueSpecification","valueRequired":true,"valueName":"search_term_string"}}],"inLanguage":"pt-BR"}]}</script>
<!-- / Yoast SEO plugin. -->

LEBENSGESICHTE (DEUTSCH) - Madre María Félix Torres

LEBENS-GESCHICHTEMaria Felix wurde am 25. August 1907 in Albelda in der Provinz Huesca (Spanien) geboren. Ihre Eltern, Don Ramon und Doña Florentina, wollten ihrer Tochter eine sorgfältige Ausbildung vermitteln, wofür sie sie zuerst in die Internatsschule der Gesellschaft Marias in Lerida sandten. Mit 14 Jahren erlebte sie dort geistliche Exerzitien vom Hl. Ignatius von Loyola. [&hellip;]

Madre María Félix Torres
